Last updated on 2025-02-21 03:52:29 CET.
Flavor | Version | Tinstall | Tcheck | Ttotal | Status | Flags |
---|---|---|---|---|---|---|
r-devel-linux-x86_64-debian-clang | 1.0.2 | 9.77 | 79.96 | 89.73 | NOTE | |
r-devel-linux-x86_64-debian-gcc | 1.0.2 | 7.48 | 60.45 | 67.93 | NOTE | |
r-devel-linux-x86_64-fedora-clang | 1.0.2 | 152.64 | NOTE | |||
r-devel-linux-x86_64-fedora-gcc | 1.0.2 | 136.15 | NOTE | |||
r-devel-macos-arm64 | 1.0.2 | 44.00 | NOTE | |||
r-devel-macos-x86_64 | 1.0.2 | 78.00 | NOTE | |||
r-devel-windows-x86_64 | 1.0.2 | 11.00 | 90.00 | 101.00 | NOTE | |
r-patched-linux-x86_64 | 1.0.2 | 9.60 | 75.53 | 85.13 | NOTE | |
r-release-linux-x86_64 | 1.0.2 | 9.41 | 75.85 | 85.26 | NOTE | |
r-release-macos-arm64 | 1.0.2 | 41.00 | NOTE | |||
r-release-macos-x86_64 | 1.0.2 | 59.00 | NOTE | |||
r-release-windows-x86_64 | 1.0.2 | 12.00 | 92.00 | 104.00 | NOTE | |
r-oldrel-macos-arm64 | 1.0.2 | 44.00 | OK | |||
r-oldrel-macos-x86_64 | 1.0.2 | 73.00 | OK | |||
r-oldrel-windows-x86_64 | 1.0.2 | 14.00 | 110.00 | 124.00 | OK |
Version: 1.0.2
Check: Rd files
Result: NOTE
checkRd: (-1) twosigmag.Rd:83: Lost braces in \itemize; \value handles \item{}{} directly
checkRd: (-1) twosigmag.Rd:84: Lost braces in \itemize; \value handles \item{}{} directly
checkRd: (-1) twosigmag.Rd:85: Lost braces in \itemize; \value handles \item{}{} directly
checkRd: (-1) twosigmag.Rd:86: Lost braces in \itemize; \value handles \item{}{} directly
checkRd: (-1) twosigmag.Rd:87: Lost braces in \itemize; \value handles \item{}{} directly
checkRd: (-1) twosigmag.Rd:88: Lost braces in \itemize; \value handles \item{}{} directly
checkRd: (-1) twosigmag.Rd:89: Lost braces in \itemize; \value handles \item{}{} directly
checkRd: (-1) twosigmag.Rd:90: Lost braces in \itemize; \value handles \item{}{} directly
checkRd: (-1) twosigmag.Rd:91: Lost braces in \itemize; \value handles \item{}{} directly
checkRd: (-1) twosigmag.Rd:92: Lost braces in \itemize; \value handles \item{}{} directly
checkRd: (-1) twosigmag.Rd:94: Lost braces in \itemize; \value handles \item{}{} directly
checkRd: (-1) twosigmag.Rd:95: Lost braces in \itemize; \value handles \item{}{} directly
checkRd: (-1) twosigmag.Rd:96: Lost braces in \itemize; \value handles \item{}{} directly
Flavors: r-devel-linux-x86_64-debian-clang, r-devel-linux-x86_64-debian-gcc, r-devel-linux-x86_64-fedora-clang, r-devel-linux-x86_64-fedora-gcc, r-devel-macos-arm64, r-devel-macos-x86_64, r-devel-windows-x86_64, r-patched-linux-x86_64, r-release-linux-x86_64, r-release-macos-arm64, r-release-macos-x86_64, r-release-windows-x86_64