Last updated on 2025-04-30 04:50:22 CEST.
Flavor | Version | Tinstall | Tcheck | Ttotal | Status | Flags |
---|---|---|---|---|---|---|
r-devel-linux-x86_64-debian-clang | 1.5 | 7.66 | 60.08 | 67.74 | NOTE | |
r-devel-linux-x86_64-debian-gcc | 1.5 | 5.13 | 42.70 | 47.83 | OK | |
r-devel-linux-x86_64-fedora-clang | 1.5 | 98.61 | OK | |||
r-devel-linux-x86_64-fedora-gcc | 1.5 | 93.55 | OK | |||
r-devel-windows-x86_64 | 1.5 | 9.00 | 72.00 | 81.00 | OK | |
r-patched-linux-x86_64 | 1.5 | 7.77 | 56.26 | 64.03 | OK | |
r-release-linux-x86_64 | 1.5 | 6.29 | 56.54 | 62.83 | OK | |
r-release-macos-arm64 | 1.5 | 32.00 | OK | |||
r-release-macos-x86_64 | 1.5 | 52.00 | OK | |||
r-release-windows-x86_64 | 1.5 | 10.00 | 73.00 | 83.00 | OK | |
r-oldrel-macos-arm64 | 1.5 | 34.00 | OK | |||
r-oldrel-macos-x86_64 | 1.5 | 53.00 | OK | |||
r-oldrel-windows-x86_64 | 1.5 | 12.00 | 91.00 | 103.00 | OK |
Version: 1.5
Check: examples
Result: NOTE
Examples with CPU (user + system) or elapsed time > 5s
user system elapsed
MestTwoWay 4.082 0.075 5.217
Flavor: r-devel-linux-x86_64-debian-clang