CRAN Package Check Results for Package typed

Last updated on 2025-11-03 03:49:59 CET.

Flavor Version Tinstall Tcheck Ttotal Status Flags
r-devel-linux-x86_64-debian-clang 0.0.1 2.39 27.27 29.66 OK
r-devel-linux-x86_64-debian-gcc 0.0.1 1.65 21.33 22.98 OK
r-devel-linux-x86_64-fedora-clang 0.0.1 41.98 OK
r-devel-linux-x86_64-fedora-gcc 0.0.1 40.74 OK
r-devel-windows-x86_64 0.0.1 4.00 43.00 47.00 OK
r-patched-linux-x86_64 0.0.1 2.36 25.10 27.46 OK
r-release-linux-x86_64 0.0.1 2.60 24.57 27.17 OK
r-release-macos-arm64 0.0.1 2.00 19.00 21.00 OK
r-release-macos-x86_64 0.0.1 2.00 26.00 28.00 OK
r-release-windows-x86_64 0.0.1 4.00 61.00 65.00 OK
r-oldrel-macos-arm64 0.0.1 1.00 17.00 18.00 NOTE
r-oldrel-macos-x86_64 0.0.1 2.00 23.00 25.00 NOTE
r-oldrel-windows-x86_64 0.0.1 4.00 52.00 56.00 NOTE

Check Details

Version: 0.0.1
Check: LazyData
Result: NOTE 'LazyData' is specified without a 'data' directory Flavors: r-oldrel-macos-arm64, r-oldrel-macos-x86_64, r-oldrel-windows-x86_64