CRAN Package Check Results for Package ubms

Last updated on 2025-04-30 04:50:22 CEST.

Flavor Version Tinstall Tcheck Ttotal Status Flags
r-devel-linux-x86_64-debian-clang 1.2.7 563.35 245.91 809.26 OK
r-devel-linux-x86_64-debian-gcc 1.2.7 509.95 208.75 718.70 OK
r-devel-linux-x86_64-fedora-clang 1.2.7 1182.54 OK
r-devel-linux-x86_64-fedora-gcc 1.2.7 1549.00 OK
r-devel-windows-x86_64 1.2.7 552.00 316.00 868.00 OK
r-patched-linux-x86_64 1.2.7 640.59 283.93 924.52 OK
r-release-linux-x86_64 1.2.7 638.56 285.33 923.89 OK
r-release-macos-arm64 1.2.7 302.00 OK
r-release-macos-x86_64 1.2.7 463.00 OK
r-release-windows-x86_64 1.2.7 552.00 315.00 867.00 OK
r-oldrel-macos-arm64 1.2.7 182.00 NOTE
r-oldrel-macos-x86_64 1.2.7 219.00 NOTE
r-oldrel-windows-x86_64 1.2.7 630.00 399.00 1029.00 NOTE

Check Details

Version: 1.2.7
Check: installed package size
Result: NOTE installed size is 128.7Mb sub-directories of 1Mb or more: R 2.0Mb libs 125.4Mb Flavors: r-oldrel-macos-arm64, r-oldrel-macos-x86_64, r-oldrel-windows-x86_64

Version: 1.2.7
Check: for GNU extensions in Makefiles
Result: NOTE GNU make is a SystemRequirements. Flavors: r-oldrel-macos-arm64, r-oldrel-macos-x86_64, r-oldrel-windows-x86_64