Last updated on 2025-04-30 04:50:22 CEST.
Flavor | Version | Tinstall | Tcheck | Ttotal | Status | Flags |
---|---|---|---|---|---|---|
r-devel-linux-x86_64-debian-clang | 1.0.0 | 8.43 | 80.69 | 89.12 | NOTE | |
r-devel-linux-x86_64-debian-gcc | 1.0.0 | 5.27 | 50.48 | 55.75 | NOTE | |
r-devel-linux-x86_64-fedora-clang | 1.0.0 | 128.24 | OK | |||
r-devel-linux-x86_64-fedora-gcc | 1.0.0 | 124.58 | OK | |||
r-devel-windows-x86_64 | 1.0.0 | 9.00 | 92.00 | 101.00 | OK | |
r-patched-linux-x86_64 | 1.0.0 | 8.47 | 72.70 | 81.17 | OK | |
r-release-linux-x86_64 | 1.0.0 | 7.73 | 71.86 | 79.59 | OK | |
r-release-macos-arm64 | 1.0.0 | 34.00 | OK | |||
r-release-macos-x86_64 | 1.0.0 | 72.00 | OK | |||
r-release-windows-x86_64 | 1.0.0 | 11.00 | 92.00 | 103.00 | OK | |
r-oldrel-macos-arm64 | 1.0.0 | 33.00 | OK | |||
r-oldrel-macos-x86_64 | 1.0.0 | 61.00 | OK | |||
r-oldrel-windows-x86_64 | 1.0.0 | 13.00 | 110.00 | 123.00 | OK |
Version: 1.0.0
Check: CRAN incoming feasibility
Result: NOTE
Maintainer: ‘Gabriela Cybis <gcybis@gmail.com>’
The Description field contains
Valk and Gabriela B. Cybis (2021) <arXiv:2106.09115>.
Please refer to arXiv e-prints via their arXiv DOI <doi:10.48550/arXiv.YYMM.NNNNN>.
Flavors: r-devel-linux-x86_64-debian-clang, r-devel-linux-x86_64-debian-gcc
Version: 1.0.0
Check: examples
Result: NOTE
Examples with CPU (user + system) or elapsed time > 5s
user system elapsed
is_homo3 7.227 0.085 9.123
uclust3 5.027 0.007 6.451
Flavor: r-devel-linux-x86_64-debian-clang