Last updated on 2025-02-21 03:52:29 CET.
Flavor | Version | Tinstall | Tcheck | Ttotal | Status | Flags |
---|---|---|---|---|---|---|
r-devel-linux-x86_64-debian-clang | 0.8.11 | 114.01 | 287.13 | 401.14 | NOTE | |
r-devel-linux-x86_64-debian-gcc | 0.8.11 | 88.35 | 236.68 | 325.03 | NOTE | |
r-devel-linux-x86_64-fedora-clang | 0.8.11 | 617.19 | NOTE | |||
r-devel-linux-x86_64-fedora-gcc | 0.8.11 | 763.14 | NOTE | |||
r-devel-macos-arm64 | 0.8.11 | 230.00 | NOTE | |||
r-devel-macos-x86_64 | 0.8.11 | 428.00 | NOTE | |||
r-devel-windows-x86_64 | 0.8.11 | 106.00 | 470.00 | 576.00 | NOTE | |
r-patched-linux-x86_64 | 0.8.11 | 130.92 | 304.80 | 435.72 | NOTE | |
r-release-linux-x86_64 | 0.8.11 | 122.32 | 301.25 | 423.57 | NOTE | |
r-release-macos-arm64 | 0.8.11 | 222.00 | NOTE | |||
r-release-macos-x86_64 | 0.8.11 | 287.00 | NOTE | |||
r-release-windows-x86_64 | 0.8.11 | 111.00 | 440.00 | 551.00 | NOTE | |
r-oldrel-macos-arm64 | 0.8.11 | 254.00 | NOTE | |||
r-oldrel-macos-x86_64 | 0.8.11 | 373.00 | NOTE | |||
r-oldrel-windows-x86_64 | 0.8.11 | 106.00 | 513.00 | 619.00 | NOTE |
Version: 0.8.11
Check: C++ specification
Result: NOTE
Specified C++11: please drop specification unless essential
Flavors: r-devel-linux-x86_64-debian-clang, r-devel-linux-x86_64-debian-gcc, r-devel-linux-x86_64-fedora-clang, r-devel-linux-x86_64-fedora-gcc, r-devel-macos-arm64, r-devel-macos-x86_64, r-devel-windows-x86_64, r-patched-linux-x86_64, r-release-linux-x86_64, r-release-macos-arm64, r-release-macos-x86_64, r-release-windows-x86_64, r-oldrel-macos-arm64, r-oldrel-macos-x86_64, r-oldrel-windows-x86_64
Version: 0.8.11
Check: Rd files
Result: NOTE
checkRd: (-1) predict.LDA.Rd:50-56: Lost braces in \itemize; \value handles \item{}{} directly
checkRd: (-1) predict.LDA.Rd:57-58: Lost braces in \itemize; \value handles \item{}{} directly
checkRd: (-1) txt_tagsequence.Rd:14: Lost braces in \itemize; meant \describe ?
checkRd: (-1) txt_tagsequence.Rd:15-16: Lost braces in \itemize; meant \describe ?
checkRd: (-1) udpipe.Rd:12: Lost braces in \itemize; meant \describe ?
checkRd: (-1) udpipe.Rd:13: Lost braces in \itemize; meant \describe ?
checkRd: (-1) udpipe.Rd:14: Lost braces in \itemize; meant \describe ?
checkRd: (-1) udpipe.Rd:36: Lost braces in \itemize; \value handles \item{}{} directly
checkRd: (-1) udpipe.Rd:37: Lost braces in \itemize; \value handles \item{}{} directly
checkRd: (-1) udpipe.Rd:38: Lost braces in \itemize; \value handles \item{}{} directly
checkRd: (-1) udpipe.Rd:39: Lost braces in \itemize; \value handles \item{}{} directly
checkRd: (-1) udpipe.Rd:40: Lost braces in \itemize; \value handles \item{}{} directly
checkRd: (-1) udpipe.Rd:41: Lost braces in \itemize; \value handles \item{}{} directly
checkRd: (-1) udpipe.Rd:42: Lost braces in \itemize; \value handles \item{}{} directly
checkRd: (-1) udpipe.Rd:43: Lost braces in \itemize; \value handles \item{}{} directly
checkRd: (-1) udpipe.Rd:44: Lost braces in \itemize; \value handles \item{}{} directly
checkRd: (-1) udpipe.Rd:45: Lost braces in \itemize; \value handles \item{}{} directly
checkRd: (-1) udpipe.Rd:46: Lost braces in \itemize; \value handles \item{}{} directly
checkRd: (-1) udpipe.Rd:47: Lost braces in \itemize; \value handles \item{}{} directly
checkRd: (-1) udpipe.Rd:48: Lost braces in \itemize; \value handles \item{}{} directly
checkRd: (-1) udpipe.Rd:49: Lost braces in \itemize; \value handles \item{}{} directly
checkRd: (-1) udpipe.Rd:50: Lost braces in \itemize; \value handles \item{}{} directly
checkRd: (-1) udpipe.Rd:51: Lost braces in \itemize; \value handles \item{}{} directly
checkRd: (-1) udpipe.Rd:52: Lost braces in \itemize; \value handles \item{}{} directly
checkRd: (-1) udpipe_accuracy.Rd:29: Lost braces in \itemize; \value handles \item{}{} directly
checkRd: (-1) udpipe_accuracy.Rd:30: Lost braces in \itemize; \value handles \item{}{} directly
checkRd: (-1) udpipe_annotate.Rd:51: Lost braces in \itemize; \value handles \item{}{} directly
checkRd: (-1) udpipe_annotate.Rd:52-53: Lost braces in \itemize; \value handles \item{}{} directly
checkRd: (-1) udpipe_annotate.Rd:54: Lost braces in \itemize; \value handles \item{}{} directly
checkRd: (-1) udpipe_download_model.Rd:84: Lost braces in \itemize; \value handles \item{}{} directly
checkRd: (-1) udpipe_download_model.Rd:85: Lost braces in \itemize; \value handles \item{}{} directly
checkRd: (-1) udpipe_download_model.Rd:86: Lost braces in \itemize; \value handles \item{}{} directly
checkRd: (-1) udpipe_download_model.Rd:87: Lost braces in \itemize; \value handles \item{}{} directly
checkRd: (-1) udpipe_download_model.Rd:88: Lost braces in \itemize; \value handles \item{}{} directly
checkRd: (-1) udpipe_load_model.Rd:15: Lost braces in \itemize; \value handles \item{}{} directly
checkRd: (-1) udpipe_load_model.Rd:16: Lost braces in \itemize; \value handles \item{}{} directly
checkRd: (-1) udpipe_train.Rd:45: Lost braces in \itemize; \value handles \item{}{} directly
checkRd: (-1) udpipe_train.Rd:46: Lost braces in \itemize; \value handles \item{}{} directly
checkRd: (-1) udpipe_train.Rd:47: Lost braces in \itemize; \value handles \item{}{} directly
checkRd: (-1) udpipe_train.Rd:48: Lost braces in \itemize; \value handles \item{}{} directly
checkRd: (-1) udpipe_train.Rd:49-50: Lost braces in \itemize; \value handles \item{}{} directly
Flavors: r-devel-linux-x86_64-debian-clang, r-devel-linux-x86_64-debian-gcc, r-devel-linux-x86_64-fedora-clang, r-devel-linux-x86_64-fedora-gcc, r-devel-macos-arm64, r-devel-macos-x86_64, r-devel-windows-x86_64, r-patched-linux-x86_64, r-release-linux-x86_64, r-release-macos-arm64, r-release-macos-x86_64, r-release-windows-x86_64
Version: 0.8.11
Check: installed package size
Result: NOTE
installed size is 26.0Mb
sub-directories of 1Mb or more:
doc 1.4Mb
dummydata 1.4Mb
libs 21.4Mb
Flavors: r-release-macos-arm64, r-release-macos-x86_64, r-release-windows-x86_64, r-oldrel-macos-arm64, r-oldrel-macos-x86_64, r-oldrel-windows-x86_64