CRAN Package Check Results for Package ukpolice

Last updated on 2025-04-30 04:50:22 CEST.

Flavor Version Tinstall Tcheck Ttotal Status Flags
r-devel-linux-x86_64-debian-clang 0.2.2 3.72 40.07 43.79 OK
r-devel-linux-x86_64-debian-gcc 0.2.2 2.91 30.18 33.09 OK
r-devel-linux-x86_64-fedora-clang 0.2.2 68.67 OK
r-devel-linux-x86_64-fedora-gcc 0.2.2 82.17 OK
r-devel-windows-x86_64 0.2.2 6.00 65.00 71.00 OK
r-patched-linux-x86_64 0.2.2 3.73 37.11 40.84 OK
r-release-linux-x86_64 0.2.2 3.75 37.07 40.82 OK
r-release-macos-arm64 0.2.2 57.00 OK
r-release-macos-x86_64 0.2.2 49.00 OK
r-release-windows-x86_64 0.2.2 6.00 63.00 69.00 OK
r-oldrel-macos-arm64 0.2.2 32.00 NOTE
r-oldrel-macos-x86_64 0.2.2 49.00 NOTE
r-oldrel-windows-x86_64 0.2.2 6.00 70.00 76.00 NOTE

Check Details

Version: 0.2.2
Check: LazyData
Result: NOTE 'LazyData' is specified without a 'data' directory Flavors: r-oldrel-macos-arm64, r-oldrel-macos-x86_64, r-oldrel-windows-x86_64