Last updated on 2025-04-30 04:50:22 CEST.
Flavor | Version | Tinstall | Tcheck | Ttotal | Status | Flags |
---|---|---|---|---|---|---|
r-devel-linux-x86_64-debian-clang | 0.1.0 | 42.35 | 311.35 | 353.70 | NOTE | |
r-devel-linux-x86_64-debian-gcc | 0.1.0 | 26.57 | 205.62 | 232.19 | NOTE | |
r-devel-linux-x86_64-fedora-clang | 0.1.0 | 549.30 | NOTE | |||
r-devel-linux-x86_64-fedora-gcc | 0.1.0 | 524.13 | NOTE | |||
r-devel-windows-x86_64 | 0.1.0 | 34.00 | 241.00 | 275.00 | NOTE | |
r-patched-linux-x86_64 | 0.1.0 | 43.11 | 293.63 | 336.74 | NOTE | |
r-release-linux-x86_64 | 0.1.0 | 40.49 | 296.04 | 336.53 | NOTE | |
r-release-macos-arm64 | 0.1.0 | 117.00 | NOTE | |||
r-release-macos-x86_64 | 0.1.0 | 298.00 | OK | |||
r-release-windows-x86_64 | 0.1.0 | 34.00 | 241.00 | 275.00 | NOTE | |
r-oldrel-macos-arm64 | 0.1.0 | 118.00 | OK | |||
r-oldrel-macos-x86_64 | 0.1.0 | 350.00 | OK | |||
r-oldrel-windows-x86_64 | 0.1.0 | 47.00 | 338.00 | 385.00 | OK |
Version: 0.1.0
Check: DESCRIPTION meta-information
Result: NOTE
Missing dependency on R >= 4.1.0 because package code uses the pipe
|> or function shorthand \(...) syntax added in R 4.1.0.
File(s) using such syntax:
‘augment_gazetteer.Rd’ ‘locate_event.Rd’
Flavors: r-devel-linux-x86_64-debian-clang, r-devel-linux-x86_64-debian-gcc, r-devel-linux-x86_64-fedora-clang, r-devel-linux-x86_64-fedora-gcc, r-devel-windows-x86_64, r-patched-linux-x86_64, r-release-linux-x86_64, r-release-macos-arm64, r-release-windows-x86_64