CRAN Package Check Results for Package umap

Last updated on 2025-04-30 04:50:22 CEST.

Flavor Version Tinstall Tcheck Ttotal Status Flags
r-devel-linux-x86_64-debian-clang 0.2.10.0 21.10 101.21 122.31 NOTE
r-devel-linux-x86_64-debian-gcc 0.2.10.0 15.31 72.03 87.34 NOTE
r-devel-linux-x86_64-fedora-clang 0.2.10.0 202.57 OK
r-devel-linux-x86_64-fedora-gcc 0.2.10.0 209.38 OK
r-devel-windows-x86_64 0.2.10.0 26.00 157.00 183.00 OK
r-patched-linux-x86_64 0.2.10.0 22.13 96.32 118.45 OK
r-release-linux-x86_64 0.2.10.0 21.72 95.84 117.56 OK
r-release-macos-arm64 0.2.10.0 65.00 OK
r-release-macos-x86_64 0.2.10.0 120.00 OK
r-release-windows-x86_64 0.2.10.0 26.00 151.00 177.00 OK
r-oldrel-macos-arm64 0.2.10.0 63.00 OK
r-oldrel-macos-x86_64 0.2.10.0 91.00 OK
r-oldrel-windows-x86_64 0.2.10.0 30.00 166.00 196.00 OK

Check Details

Version: 0.2.10.0
Check: CRAN incoming feasibility
Result: NOTE Maintainer: ‘Tomasz Konopka <tokonopka@gmail.com>’ The Description field contains (2018) in <arXiv:1802.03426>. This package provides an interface for Please refer to arXiv e-prints via their arXiv DOI <doi:10.48550/arXiv.YYMM.NNNNN>. Flavors: r-devel-linux-x86_64-debian-clang, r-devel-linux-x86_64-debian-gcc