CRAN Package Check Results for Package umbridge

Last updated on 2025-04-30 04:50:22 CEST.

Flavor Version Tinstall Tcheck Ttotal Status Flags
r-devel-linux-x86_64-debian-clang 1.0 1.80 18.66 20.46 NOTE
r-devel-linux-x86_64-debian-gcc 1.0 1.49 15.07 16.56 NOTE
r-devel-linux-x86_64-fedora-clang 1.0 32.41 OK
r-devel-linux-x86_64-fedora-gcc 1.0 31.83 OK
r-devel-windows-x86_64 1.0 3.00 46.00 49.00 OK
r-patched-linux-x86_64 1.0 1.64 18.19 19.83 OK
r-release-linux-x86_64 1.0 1.67 18.09 19.76 OK
r-release-macos-arm64 1.0 31.00 OK
r-release-macos-x86_64 1.0 37.00 OK
r-release-windows-x86_64 1.0 3.00 43.00 46.00 OK
r-oldrel-macos-arm64 1.0 26.00 OK
r-oldrel-macos-x86_64 1.0 31.00 OK
r-oldrel-windows-x86_64 1.0 4.00 45.00 49.00 OK

Check Details

Version: 1.0
Check: CRAN incoming feasibility
Result: NOTE Maintainer: ‘Linus Seelinger <mail@linusseelinger.de>’ The BugReports field in DESCRIPTION has https://github.com/um-bridge which should likely be https://github.com/um-bridge/issues instead. Flavors: r-devel-linux-x86_64-debian-clang, r-devel-linux-x86_64-debian-gcc