CRAN Package Check Results for Package umx

Last updated on 2025-04-30 04:50:22 CEST.

Flavor Version Tinstall Tcheck Ttotal Status Flags
r-devel-linux-x86_64-debian-clang 4.21.0 37.68 1042.51 1080.19 OK
r-devel-linux-x86_64-debian-gcc 4.21.0 23.96 559.08 583.04 OK
r-devel-linux-x86_64-fedora-clang 4.21.0 1339.68 NOTE
r-devel-linux-x86_64-fedora-gcc 4.21.0 1265.13 NOTE
r-devel-windows-x86_64 4.21.0 42.00 836.00 878.00 OK
r-patched-linux-x86_64 4.21.0 51.07 795.14 846.21 OK
r-release-linux-x86_64 4.21.0 34.27 784.14 818.41 OK
r-release-macos-arm64 4.21.0 313.00 OK
r-release-macos-x86_64 4.21.0 794.00 OK
r-release-windows-x86_64 4.21.0 46.00 832.00 878.00 OK
r-oldrel-macos-arm64 4.21.0 359.00 NOTE
r-oldrel-macos-x86_64 4.21.0 588.00 NOTE
r-oldrel-windows-x86_64 4.21.0 53.00 1142.00 1195.00 NOTE

Check Details

Version: 4.21.0
Check: dependencies in R code
Result: NOTE Namespaces in Imports field not imported from: ‘foreign’ ‘psychTools’ ‘pwr’ ‘rmarkdown’ All declared Imports should be used. Flavors: r-devel-linux-x86_64-fedora-clang, r-devel-linux-x86_64-fedora-gcc

Version: 4.21.0
Check: installed package size
Result: NOTE installed size is 5.9Mb sub-directories of 1Mb or more: R 1.0Mb help 4.4Mb Flavors: r-oldrel-macos-arm64, r-oldrel-macos-x86_64, r-oldrel-windows-x86_64