CRAN Package Check Results for Package unbalhaar

Last updated on 2025-04-30 04:50:22 CEST.

Flavor Version Tinstall Tcheck Ttotal Status Flags
r-devel-linux-x86_64-debian-clang 2.1 2.05 20.85 22.90 NOTE
r-devel-linux-x86_64-debian-gcc 2.1 1.59 15.75 17.34 NOTE
r-devel-linux-x86_64-fedora-clang 2.1 34.87 OK
r-devel-linux-x86_64-fedora-gcc 2.1 34.22 OK
r-devel-windows-x86_64 2.1 2.00 41.00 43.00 OK
r-patched-linux-x86_64 2.1 2.25 19.36 21.61 OK
r-release-linux-x86_64 2.1 1.92 19.45 21.37 OK
r-release-macos-arm64 2.1 15.00 OK
r-release-macos-x86_64 2.1 30.00 OK
r-release-windows-x86_64 2.1 4.00 44.00 48.00 OK
r-oldrel-macos-arm64 2.1 14.00 OK
r-oldrel-macos-x86_64 2.1 20.00 OK
r-oldrel-windows-x86_64 2.1 3.00 39.00 42.00 OK

Check Details

Version: 2.1
Check: CRAN incoming feasibility
Result: NOTE Maintainer: ‘Piotr Fryzlewicz <p.fryzlewicz@lse.ac.uk>’ No Authors@R field in DESCRIPTION. Please add one, modifying Authors@R: person(given = "Piotr", family = "Fryzlewicz", role = c("aut", "cre"), email = "p.fryzlewicz@lse.ac.uk") as necessary. Flavors: r-devel-linux-x86_64-debian-clang, r-devel-linux-x86_64-debian-gcc