Last updated on 2025-04-30 04:50:22 CEST.
Flavor | Version | Tinstall | Tcheck | Ttotal | Status | Flags |
---|---|---|---|---|---|---|
r-devel-linux-x86_64-debian-clang | 1.0.2 | 3.58 | 78.77 | 82.35 | NOTE | |
r-devel-linux-x86_64-debian-gcc | 1.0.2 | 2.86 | 53.11 | 55.97 | OK | |
r-devel-linux-x86_64-fedora-clang | 1.0.2 | 142.67 | OK | |||
r-devel-linux-x86_64-fedora-gcc | 1.0.2 | 149.08 | OK | |||
r-devel-windows-x86_64 | 1.0.2 | 6.00 | 88.00 | 94.00 | OK | |
r-patched-linux-x86_64 | 1.0.1 | 4.79 | 73.94 | 78.73 | OK | |
r-release-linux-x86_64 | 1.0.1 | 3.86 | 74.25 | 78.11 | OK | |
r-release-macos-arm64 | 1.0.2 | 68.00 | OK | |||
r-release-macos-x86_64 | 1.0.2 | 110.00 | OK | |||
r-release-windows-x86_64 | 1.0.2 | 6.00 | 89.00 | 95.00 | OK | |
r-oldrel-macos-arm64 | 1.0.2 | 60.00 | OK | |||
r-oldrel-macos-x86_64 | 1.0.2 | 112.00 | OK | |||
r-oldrel-windows-x86_64 | 1.0.1 | 6.00 | 112.00 | 118.00 | OK |
Version: 1.0.2
Check: examples
Result: NOTE
Examples with CPU (user + system) or elapsed time > 5s
user system elapsed
undid_stage_three 6.712 0.084 8.285
Flavor: r-devel-linux-x86_64-debian-clang