Last updated on 2025-04-30 04:50:22 CEST.
Flavor | Version | Tinstall | Tcheck | Ttotal | Status | Flags |
---|---|---|---|---|---|---|
r-devel-linux-x86_64-debian-clang | 1.2 | 6.13 | 51.08 | 57.21 | NOTE | |
r-devel-linux-x86_64-debian-gcc | 1.2 | 5.39 | 38.49 | 43.88 | NOTE | |
r-devel-linux-x86_64-fedora-clang | 1.2 | 90.13 | OK | |||
r-devel-linux-x86_64-fedora-gcc | 1.2 | 86.93 | OK | |||
r-devel-windows-x86_64 | 1.2 | 8.00 | 62.00 | 70.00 | OK | |
r-patched-linux-x86_64 | 1.2 | 7.00 | 50.14 | 57.14 | OK | |
r-release-linux-x86_64 | 1.2 | 5.05 | 49.93 | 54.98 | OK | |
r-release-macos-arm64 | 1.2 | 33.00 | OK | |||
r-release-macos-x86_64 | 1.2 | 59.00 | OK | |||
r-release-windows-x86_64 | 1.2 | 7.00 | 65.00 | 72.00 | OK | |
r-oldrel-macos-arm64 | 1.2 | 28.00 | OK | |||
r-oldrel-macos-x86_64 | 1.2 | 45.00 | OK | |||
r-oldrel-windows-x86_64 | 1.2 | 8.00 | 73.00 | 81.00 | OK |
Version: 1.2
Check: CRAN incoming feasibility
Result: NOTE
Maintainer: ‘Yunro Chung <yunro.chung@asu.edu>’
No Authors@R field in DESCRIPTION.
Please add one, modifying
Authors@R: person(given = "Yunro",
family = "Chung",
role = c("aut", "cre"),
email = "yunro.chung@asu.edu")
as necessary.
Flavors: r-devel-linux-x86_64-debian-clang, r-devel-linux-x86_64-debian-gcc