CRAN Package Check Results for Package unine

Last updated on 2025-04-30 04:50:22 CEST.

Flavor Version Tinstall Tcheck Ttotal Status Flags
r-devel-linux-x86_64-debian-clang 0.2.0 31.53 25.00 56.53 NOTE
r-devel-linux-x86_64-debian-gcc 0.2.0 21.86 20.28 42.14 NOTE
r-devel-linux-x86_64-fedora-clang 0.2.0 113.51 NOTE
r-devel-linux-x86_64-fedora-gcc 0.2.0 96.16 NOTE
r-devel-windows-x86_64 0.2.0 36.00 70.00 106.00 NOTE
r-patched-linux-x86_64 0.2.0 29.64 24.10 53.74 NOTE
r-release-linux-x86_64 0.2.0 30.01 23.95 53.96 NOTE
r-release-macos-arm64 0.2.0 30.00 NOTE
r-release-macos-x86_64 0.2.0 41.00 NOTE
r-release-windows-x86_64 0.2.0 35.00 67.00 102.00 NOTE
r-oldrel-macos-arm64 0.2.0 31.00 NOTE
r-oldrel-macos-x86_64 0.2.0 39.00 NOTE
r-oldrel-windows-x86_64 0.2.0 33.00 71.00 104.00 NOTE

Check Details

Version: 0.2.0
Check: C++ specification
Result: NOTE Specified C++11: please drop specification unless essential Flavors: r-devel-linux-x86_64-debian-clang, r-devel-linux-x86_64-debian-gcc, r-devel-linux-x86_64-fedora-clang, r-devel-linux-x86_64-fedora-gcc, r-devel-windows-x86_64, r-patched-linux-x86_64, r-release-linux-x86_64, r-release-macos-arm64, r-release-macos-x86_64, r-release-windows-x86_64, r-oldrel-macos-arm64, r-oldrel-macos-x86_64, r-oldrel-windows-x86_64