Last updated on 2025-04-29 04:50:22 CEST.
Flavor | Version | Tinstall | Tcheck | Ttotal | Status | Flags |
---|---|---|---|---|---|---|
r-devel-linux-x86_64-debian-clang | 0.4 | 6.43 | 48.71 | 55.14 | OK | |
r-devel-linux-x86_64-debian-gcc | 0.4 | 4.62 | 41.11 | 45.73 | NOTE | |
r-devel-linux-x86_64-fedora-clang | 0.4 | 89.09 | OK | |||
r-devel-linux-x86_64-fedora-gcc | 0.4 | 83.20 | OK | |||
r-devel-windows-x86_64 | 0.4 | 8.00 | 75.00 | 83.00 | OK | |
r-patched-linux-x86_64 | 0.4 | 7.36 | 54.42 | 61.78 | OK | |
r-release-linux-x86_64 | 0.4 | 6.34 | 53.55 | 59.89 | OK | |
r-release-macos-arm64 | 0.4 | 30.00 | OK | |||
r-release-macos-x86_64 | 0.4 | 51.00 | OK | |||
r-release-windows-x86_64 | 0.4 | 10.00 | 77.00 | 87.00 | OK | |
r-oldrel-macos-arm64 | 0.4 | 30.00 | OK | |||
r-oldrel-macos-x86_64 | 0.4 | 43.00 | OK | |||
r-oldrel-windows-x86_64 | 0.4 | 12.00 | 92.00 | 104.00 | OK |
Version: 0.4
Check: CRAN incoming feasibility
Result: NOTE
Maintainer: ‘Marcello D'Orazio <mdo.statmatch@gmail.com>’
No Authors@R field in DESCRIPTION.
Please add one, modifying
Authors@R: person(given = "Marcello",
family = "D'Orazio",
role = c("aut", "cre"),
email = "mdo.statmatch@gmail.com")
as necessary.
Flavor: r-devel-linux-x86_64-debian-gcc