Last updated on 2025-04-30 04:50:22 CEST.
Flavor | Version | Tinstall | Tcheck | Ttotal | Status | Flags |
---|---|---|---|---|---|---|
r-devel-linux-x86_64-debian-clang | 3.11.4 | 8.49 | 346.63 | 355.12 | NOTE | |
r-devel-linux-x86_64-debian-gcc | 3.11.4 | 6.53 | 227.42 | 233.95 | OK | |
r-devel-linux-x86_64-fedora-clang | 3.11.4 | 581.80 | OK | |||
r-devel-linux-x86_64-fedora-gcc | 3.11.4 | 528.25 | OK | |||
r-devel-windows-x86_64 | 3.11.4 | 14.00 | 405.00 | 419.00 | OK | |
r-patched-linux-x86_64 | 3.11.4 | 12.52 | 325.77 | 338.29 | OK | |
r-release-linux-x86_64 | 3.11.4 | 8.54 | 333.03 | 341.57 | OK | |
r-release-macos-arm64 | 3.11.4 | 165.00 | OK | |||
r-release-macos-x86_64 | 3.11.4 | 352.00 | OK | |||
r-release-windows-x86_64 | 3.11.4 | 15.00 | 401.00 | 416.00 | OK | |
r-oldrel-macos-arm64 | 3.11.4 | 152.00 | OK | |||
r-oldrel-macos-x86_64 | 3.11.4 | 321.00 | OK | |||
r-oldrel-windows-x86_64 | 3.11.4 | 14.00 | 518.00 | 532.00 | OK |
Version: 3.11.4
Check: examples
Result: NOTE
Examples with CPU (user + system) or elapsed time > 5s
user system elapsed
compose_open 4.757 0.388 6.619
compose_design 4.682 0.089 7.045
panel_shading 4.612 0.045 5.128
panel_raster 4.379 0.064 5.575
panel_new 4.346 0.013 5.914
panel_graticule 4.103 0.068 5.686
Ops.local_group 3.510 0.246 5.567
Flavor: r-devel-linux-x86_64-debian-clang