Last updated on 2025-04-30 04:50:23 CEST.
Flavor | Version | Tinstall | Tcheck | Ttotal | Status | Flags |
---|---|---|---|---|---|---|
r-devel-linux-x86_64-debian-clang | 1.1.1 | 5.22 | 39.05 | 44.27 | NOTE | |
r-devel-linux-x86_64-debian-gcc | 1.1.1 | 3.01 | 29.66 | 32.67 | NOTE | |
r-devel-linux-x86_64-fedora-clang | 1.1.1 | 66.57 | OK | |||
r-devel-linux-x86_64-fedora-gcc | 1.1.1 | 63.33 | OK | |||
r-devel-windows-x86_64 | 1.1.1 | 6.00 | 81.00 | 87.00 | OK | |
r-patched-linux-x86_64 | 1.1.1 | 4.86 | 36.41 | 41.27 | OK | |
r-release-linux-x86_64 | 1.1.1 | 3.71 | 36.71 | 40.42 | OK | |
r-release-macos-arm64 | 1.1.1 | 48.00 | OK | |||
r-release-macos-x86_64 | 1.1.1 | 64.00 | OK | |||
r-release-windows-x86_64 | 1.1.1 | 7.00 | 79.00 | 86.00 | OK | |
r-oldrel-macos-arm64 | 1.1.1 | 37.00 | OK | |||
r-oldrel-macos-x86_64 | 1.1.1 | 54.00 | OK | |||
r-oldrel-windows-x86_64 | 1.1.1 | 8.00 | 86.00 | 94.00 | OK |
Version: 1.1.1
Check: examples
Result: NOTE
Examples with CPU (user + system) or elapsed time > 5s
user system elapsed
doj_blog_entries 0.661 0.050 6.740
doj_press_releases 0.361 0.053 11.186
Flavor: r-devel-linux-x86_64-debian-clang
Version: 1.1.1
Check: examples
Result: NOTE
Examples with CPU (user + system) or elapsed time > 5s
user system elapsed
doj_blog_entries 0.367 0.05 6.882
doj_press_releases 0.232 0.00 11.269
Flavor: r-devel-linux-x86_64-debian-gcc