CRAN Package Check Results for Package ushr

Last updated on 2025-04-30 04:50:23 CEST.

Flavor Version Tinstall Tcheck Ttotal Status Flags
r-devel-linux-x86_64-debian-clang 0.2.3 7.29 81.16 88.45 NOTE
r-devel-linux-x86_64-debian-gcc 0.2.3 5.17 59.31 64.48 NOTE
r-devel-linux-x86_64-fedora-clang 0.2.3 132.14 OK
r-devel-linux-x86_64-fedora-gcc 0.2.3 136.01 OK
r-devel-windows-x86_64 0.2.3 11.00 99.00 110.00 OK
r-patched-linux-x86_64 0.2.3 7.70 77.41 85.11 OK
r-release-linux-x86_64 0.2.3 6.94 76.89 83.83 OK
r-release-macos-arm64 0.2.3 43.00 OK
r-release-macos-x86_64 0.2.3 87.00 OK
r-release-windows-x86_64 0.2.3 8.00 98.00 106.00 OK
r-oldrel-macos-arm64 0.2.3 41.00 OK
r-oldrel-macos-x86_64 0.2.3 64.00 OK
r-oldrel-windows-x86_64 0.2.3 12.00 115.00 127.00 OK

Check Details

Version: 0.2.3
Check: CRAN incoming feasibility
Result: NOTE Maintainer: ‘Sinead E. Morris <sinead.morris@columbia.edu>’ Package CITATION file contains call(s) to old-style citEntry(). Please use bibentry() instead. Flavors: r-devel-linux-x86_64-debian-clang, r-devel-linux-x86_64-debian-gcc