CRAN Package Check Results for Package uskewFactors

Last updated on 2025-04-30 04:50:23 CEST.

Flavor Version Tinstall Tcheck Ttotal Status Flags
r-devel-linux-x86_64-debian-clang 2.0 7.69 72.25 79.94 NOTE
r-devel-linux-x86_64-debian-gcc 2.0 6.19 52.54 58.73 NOTE
r-devel-linux-x86_64-fedora-clang 2.0 122.34 OK
r-devel-linux-x86_64-fedora-gcc 2.0 116.25 OK
r-devel-windows-x86_64 2.0 9.00 84.00 93.00 OK
r-patched-linux-x86_64 2.0 7.84 68.16 76.00 OK
r-release-linux-x86_64 2.0 7.80 69.11 76.91 OK
r-release-macos-arm64 2.0 43.00 OK
r-release-macos-x86_64 2.0 74.00 OK
r-release-windows-x86_64 2.0 11.00 81.00 92.00 OK
r-oldrel-macos-arm64 2.0 36.00 OK
r-oldrel-macos-x86_64 2.0 54.00 OK
r-oldrel-windows-x86_64 2.0 12.00 95.00 107.00 OK

Check Details

Version: 2.0
Check: CRAN incoming feasibility
Result: NOTE Maintainer: ‘Paula M. Murray <paula.murray@math.mcmaster.ca>’ No Authors@R field in DESCRIPTION. Please add one, modifying Authors@R: c(person(given = c("Paula", "M."), family = "Murray", role = c("aut", "cre"), email = "paula.murray@math.mcmaster.ca"), person(given = c("Ryan", "P."), family = "Browne", role = "aut"), person(given = c("Paul", "D."), family = "McNicholas", role = "aut")) as necessary. Flavors: r-devel-linux-x86_64-debian-clang, r-devel-linux-x86_64-debian-gcc

Version: 2.0
Check: examples
Result: NOTE Examples with CPU (user + system) or elapsed time > 5s user system elapsed uskewFA 6.154 0.003 8.046 Flavor: r-devel-linux-x86_64-debian-clang