Last updated on 2025-04-30 04:50:23 CEST.
Flavor | Version | Tinstall | Tcheck | Ttotal | Status | Flags |
---|---|---|---|---|---|---|
r-devel-linux-x86_64-debian-clang | 1.1.0 | 5.59 | 71.59 | 77.18 | NOTE | |
r-devel-linux-x86_64-debian-gcc | 1.1.0 | 3.79 | 51.74 | 55.53 | NOTE | |
r-devel-linux-x86_64-fedora-clang | 1.1.0 | 112.25 | NOTE | |||
r-devel-linux-x86_64-fedora-gcc | 1.1.0 | 121.40 | NOTE | |||
r-devel-windows-x86_64 | 1.1.0 | 10.00 | 80.00 | 90.00 | NOTE | |
r-patched-linux-x86_64 | 1.1.0 | 5.68 | 67.55 | 73.23 | NOTE | |
r-release-linux-x86_64 | 1.1.0 | 5.31 | 68.05 | 73.36 | NOTE | |
r-release-macos-arm64 | 1.1.0 | 41.00 | NOTE | |||
r-release-macos-x86_64 | 1.1.0 | 85.00 | NOTE | |||
r-release-windows-x86_64 | 1.1.0 | 10.00 | 84.00 | 94.00 | NOTE | |
r-oldrel-macos-arm64 | 1.1.0 | 47.00 | OK | |||
r-oldrel-macos-x86_64 | 1.1.0 | 79.00 | OK | |||
r-oldrel-windows-x86_64 | 1.1.0 | 9.00 | 101.00 | 110.00 | OK |
Version: 1.1.0
Check: DESCRIPTION meta-information
Result: NOTE
Missing dependency on R >= 4.1.0 because package code uses the pipe
|> or function shorthand \(...) syntax added in R 4.1.0.
File(s) using such syntax:
‘estimate_accuracy.R’
Flavors: r-devel-linux-x86_64-debian-clang, r-devel-linux-x86_64-debian-gcc, r-devel-linux-x86_64-fedora-clang, r-devel-linux-x86_64-fedora-gcc, r-devel-windows-x86_64, r-patched-linux-x86_64, r-release-linux-x86_64, r-release-macos-arm64, r-release-macos-x86_64, r-release-windows-x86_64