Last updated on 2025-04-30 04:50:23 CEST.
Flavor | Version | Tinstall | Tcheck | Ttotal | Status | Flags |
---|---|---|---|---|---|---|
r-devel-linux-x86_64-debian-clang | 1.0.5 | 1.54 | 18.87 | 20.41 | NOTE | |
r-devel-linux-x86_64-debian-gcc | 1.0.5 | 1.41 | 15.51 | 16.92 | NOTE | |
r-devel-linux-x86_64-fedora-clang | 1.0.5 | 34.20 | OK | |||
r-devel-linux-x86_64-fedora-gcc | 1.0.5 | 31.68 | OK | |||
r-devel-windows-x86_64 | 1.0.5 | 4.00 | 45.00 | 49.00 | OK | |
r-patched-linux-x86_64 | 1.0.5 | 1.64 | 17.28 | 18.92 | OK | |
r-release-linux-x86_64 | 1.0.5 | 1.51 | 17.00 | 18.51 | OK | |
r-release-macos-arm64 | 1.0.5 | 15.00 | OK | |||
r-release-macos-x86_64 | 1.0.5 | 24.00 | OK | |||
r-release-windows-x86_64 | 1.0.5 | 4.00 | 44.00 | 48.00 | OK | |
r-oldrel-macos-arm64 | 1.0.5 | 15.00 | NOTE | |||
r-oldrel-macos-x86_64 | 1.0.5 | 21.00 | NOTE | |||
r-oldrel-windows-x86_64 | 1.0.5 | 2.00 | 43.00 | 45.00 | NOTE |
Version: 1.0.5
Check: CRAN incoming feasibility
Result: NOTE
Maintainer: ‘Irucka Embry <iembry@ecoccs.com>’
No Authors@R field in DESCRIPTION.
Please add one, modifying
Authors@R: person(given = "Irucka",
family = "Embry",
role = c("aut", "cre"),
email = "iembry@ecoccs.com")
as necessary.
Found the following (possibly) invalid file URI:
URI: info@vaers.org
From: README.md
Flavors: r-devel-linux-x86_64-debian-clang, r-devel-linux-x86_64-debian-gcc
Version: 1.0.5
Check: package dependencies
Result: NOTE
Packages suggested but not available for checking: 'vaers', 'vaersND'
Flavors: r-oldrel-macos-arm64, r-oldrel-macos-x86_64, r-oldrel-windows-x86_64