Last updated on 2025-04-30 04:50:23 CEST.
Flavor | Version | Tinstall | Tcheck | Ttotal | Status | Flags |
---|---|---|---|---|---|---|
r-devel-linux-x86_64-debian-clang | 0.9.0 | 4.55 | 45.34 | 49.89 | NOTE | |
r-devel-linux-x86_64-debian-gcc | 0.9.0 | 3.44 | 32.27 | 35.71 | NOTE | |
r-devel-linux-x86_64-fedora-clang | 0.9.0 | 74.82 | OK | |||
r-devel-linux-x86_64-fedora-gcc | 0.9.0 | 69.02 | OK | |||
r-devel-windows-x86_64 | 0.9.0 | 7.00 | 91.00 | 98.00 | OK | |
r-patched-linux-x86_64 | 0.9.0 | 4.39 | 41.58 | 45.97 | OK | |
r-release-linux-x86_64 | 0.9.0 | 4.00 | 41.18 | 45.18 | OK | |
r-release-macos-arm64 | 0.9.0 | 50.00 | OK | |||
r-release-macos-x86_64 | 0.9.0 | 66.00 | OK | |||
r-release-windows-x86_64 | 0.9.0 | 8.00 | 83.00 | 91.00 | OK | |
r-oldrel-macos-arm64 | 0.9.0 | 51.00 | OK | |||
r-oldrel-macos-x86_64 | 0.9.0 | 79.00 | OK | |||
r-oldrel-windows-x86_64 | 0.9.0 | 7.00 | 87.00 | 94.00 | OK |
Version: 0.9.0
Check: CRAN incoming feasibility
Result: NOTE
Maintainer: ‘Corey Runkel <runkelcorey@gmail.com>’
The URL field contains the following bad parts:
runkelcorey.github.io/valet
The URL field should be a list of URLs separated by commas or
whitespace.
Flavors: r-devel-linux-x86_64-debian-clang, r-devel-linux-x86_64-debian-gcc