Last updated on 2025-04-30 04:50:23 CEST.
Flavor | Version | Tinstall | Tcheck | Ttotal | Status | Flags |
---|---|---|---|---|---|---|
r-devel-linux-x86_64-debian-clang | 0.8.3 | 94.76 | 131.29 | 226.05 | OK | |
r-devel-linux-x86_64-debian-gcc | 0.8.3 | 82.21 | 93.25 | 175.46 | OK | |
r-devel-linux-x86_64-fedora-clang | 0.8.3 | 418.34 | OK | |||
r-devel-linux-x86_64-fedora-gcc | 0.8.3 | 405.46 | OK | |||
r-devel-windows-x86_64 | 0.8.3 | 120.00 | 168.00 | 288.00 | OK | |
r-patched-linux-x86_64 | 0.8.3 | 103.83 | 121.08 | 224.91 | OK | |
r-release-linux-x86_64 | 0.8.3 | 111.19 | 123.12 | 234.31 | OK | |
r-release-macos-arm64 | 0.8.3 | 95.00 | OK | |||
r-release-macos-x86_64 | 0.8.3 | 175.00 | OK | |||
r-release-windows-x86_64 | 0.8.3 | 121.00 | 163.00 | 284.00 | OK | |
r-oldrel-macos-arm64 | 0.8.3 | 103.00 | NOTE | |||
r-oldrel-macos-x86_64 | 0.8.3 | 149.00 | NOTE | |||
r-oldrel-windows-x86_64 | 0.8.3 | 134.00 | 207.00 | 341.00 | OK |
Version: 0.8.3
Check: installed package size
Result: NOTE
installed size is 7.6Mb
sub-directories of 1Mb or more:
libs 6.5Mb
Flavors: r-oldrel-macos-arm64, r-oldrel-macos-x86_64