Last updated on 2025-02-21 03:52:30 CET.
Flavor | Version | Tinstall | Tcheck | Ttotal | Status | Flags |
---|---|---|---|---|---|---|
r-devel-linux-x86_64-debian-clang | 0.7.2 | 2.55 | 63.00 | 65.55 | OK | |
r-devel-linux-x86_64-debian-gcc | 0.7.2 | 2.14 | 41.96 | 44.10 | OK | |
r-devel-linux-x86_64-fedora-clang | 0.7.2 | 117.21 | NOTE | |||
r-devel-linux-x86_64-fedora-gcc | 0.7.2 | 119.15 | NOTE | |||
r-devel-macos-arm64 | 0.7.2 | 45.00 | OK | |||
r-devel-macos-x86_64 | 0.7.2 | 91.00 | OK | |||
r-devel-windows-x86_64 | 0.7.2 | 6.00 | 94.00 | 100.00 | OK | |
r-patched-linux-x86_64 | 0.7.2 | 3.72 | 59.72 | 63.44 | OK | |
r-release-linux-x86_64 | 0.7.2 | 3.00 | 58.94 | 61.94 | OK | |
r-release-macos-arm64 | 0.7.2 | 40.00 | OK | |||
r-release-macos-x86_64 | 0.7.2 | 52.00 | OK | |||
r-release-windows-x86_64 | 0.7.2 | 5.00 | 84.00 | 89.00 | OK | |
r-oldrel-macos-arm64 | 0.7.2 | 38.00 | OK | |||
r-oldrel-macos-x86_64 | 0.7.2 | 67.00 | OK | |||
r-oldrel-windows-x86_64 | 0.7.2 | 6.00 | 95.00 | 101.00 | OK |
Version: 0.7.2
Check: dependencies in R code
Result: NOTE
Namespace in Imports field not imported from: ‘testthat’
All declared Imports should be used.
Flavors: r-devel-linux-x86_64-fedora-clang, r-devel-linux-x86_64-fedora-gcc