CRAN Package Check Results for Package valueEQ5D

Last updated on 2025-04-30 04:50:23 CEST.

Flavor Version Tinstall Tcheck Ttotal Status Flags
r-devel-linux-x86_64-debian-clang 0.7.2 3.23 63.93 67.16 OK
r-devel-linux-x86_64-debian-gcc 0.7.2 2.52 42.59 45.11 OK
r-devel-linux-x86_64-fedora-clang 0.7.2 108.04 NOTE
r-devel-linux-x86_64-fedora-gcc 0.7.2 119.85 NOTE
r-devel-windows-x86_64 0.7.2 5.00 90.00 95.00 OK
r-patched-linux-x86_64 0.7.2 3.65 60.58 64.23 OK
r-release-linux-x86_64 0.7.2 3.03 60.38 63.41 OK
r-release-macos-arm64 0.7.2 69.00 OK
r-release-macos-x86_64 0.7.2 74.00 OK
r-release-windows-x86_64 0.7.2 5.00 88.00 93.00 OK
r-oldrel-macos-arm64 0.7.2 40.00 OK
r-oldrel-macos-x86_64 0.7.2 52.00 OK
r-oldrel-windows-x86_64 0.7.2 7.00 101.00 108.00 OK

Check Details

Version: 0.7.2
Check: dependencies in R code
Result: NOTE Namespace in Imports field not imported from: ‘testthat’ All declared Imports should be used. Flavors: r-devel-linux-x86_64-fedora-clang, r-devel-linux-x86_64-fedora-gcc