Last updated on 2025-04-30 04:50:23 CEST.
Flavor | Version | Tinstall | Tcheck | Ttotal | Status | Flags |
---|---|---|---|---|---|---|
r-devel-linux-x86_64-debian-clang | 0.2.1 | 4.47 | 88.20 | 92.67 | NOTE | |
r-devel-linux-x86_64-debian-gcc | 0.2.1 | 3.01 | 55.40 | 58.41 | OK | |
r-devel-linux-x86_64-fedora-clang | 0.2.1 | 154.25 | OK | |||
r-devel-linux-x86_64-fedora-gcc | 0.2.1 | 159.36 | OK | |||
r-devel-windows-x86_64 | 0.2.1 | 6.00 | 103.00 | 109.00 | OK | |
r-patched-linux-x86_64 | 0.2.1 | 4.72 | 84.26 | 88.98 | OK | |
r-release-linux-x86_64 | 0.2.1 | 3.49 | 84.47 | 87.96 | OK | |
r-release-macos-arm64 | 0.2.1 | 47.00 | OK | |||
r-release-macos-x86_64 | 0.2.1 | 95.00 | OK | |||
r-release-windows-x86_64 | 0.2.1 | 6.00 | 101.00 | 107.00 | OK | |
r-oldrel-macos-arm64 | 0.2.1 | 43.00 | OK | |||
r-oldrel-macos-x86_64 | 0.2.1 | 70.00 | OK | |||
r-oldrel-windows-x86_64 | 0.2.1 | 7.00 | 125.00 | 132.00 | OK |
Version: 0.2.1
Check: examples
Result: NOTE
Examples with CPU (user + system) or elapsed time > 5s
user system elapsed
valuatePortfolio 5.170 0.003 6.484
buildCurve 4.706 0.055 5.996
Flavor: r-devel-linux-x86_64-debian-clang