Last updated on 2025-04-30 04:50:23 CEST.
Flavor | Version | Tinstall | Tcheck | Ttotal | Status | Flags |
---|---|---|---|---|---|---|
r-devel-linux-x86_64-debian-clang | 0.11.0 | 82.82 | 62.25 | 145.07 | OK | |
r-devel-linux-x86_64-debian-gcc | 0.11.0 | 62.33 | 45.97 | 108.30 | OK | |
r-devel-linux-x86_64-fedora-clang | 0.11.0 | 250.48 | OK | |||
r-devel-linux-x86_64-fedora-gcc | 0.11.0 | 264.23 | OK | |||
r-devel-windows-x86_64 | 0.11.0 | 112.00 | 567.00 | 679.00 | OK | |
r-patched-linux-x86_64 | 0.11.0 | 83.60 | 59.44 | 143.04 | OK | |
r-release-linux-x86_64 | 0.11.0 | 86.38 | 59.91 | 146.29 | OK | |
r-release-macos-arm64 | 0.11.0 | 75.00 | OK | |||
r-release-macos-x86_64 | 0.11.0 | 152.00 | OK | |||
r-release-windows-x86_64 | 0.11.0 | 118.00 | 633.00 | 751.00 | OK | |
r-oldrel-macos-arm64 | 0.11.0 | 187.00 | NOTE | |||
r-oldrel-macos-x86_64 | 0.11.0 | 160.00 | NOTE | |||
r-oldrel-windows-x86_64 | 0.11.0 | 132.00 | 784.00 | 916.00 | NOTE |
Version: 0.11.0
Check: installed package size
Result: NOTE
installed size is 62.5Mb
sub-directories of 1Mb or more:
extdata 2.8Mb
libs 58.2Mb
Flavors: r-oldrel-macos-arm64, r-oldrel-macos-x86_64, r-oldrel-windows-x86_64