Last updated on 2025-02-21 03:52:30 CET.
Flavor | Version | Tinstall | Tcheck | Ttotal | Status | Flags |
---|---|---|---|---|---|---|
r-devel-linux-x86_64-debian-clang | 0.10.0 | 76.55 | 59.33 | 135.88 | NOTE | |
r-devel-linux-x86_64-debian-gcc | 0.10.0 | 59.16 | 42.66 | 101.82 | NOTE | |
r-devel-linux-x86_64-fedora-clang | 0.10.0 | 246.38 | NOTE | |||
r-devel-linux-x86_64-fedora-gcc | 0.10.0 | 256.70 | NOTE | |||
r-devel-macos-arm64 | 0.10.0 | 93.00 | OK | |||
r-devel-macos-x86_64 | 0.10.0 | 266.00 | OK | |||
r-devel-windows-x86_64 | 0.10.0 | 98.00 | 549.00 | 647.00 | OK | |
r-patched-linux-x86_64 | 0.10.0 | 80.14 | 55.76 | 135.90 | OK | |
r-release-linux-x86_64 | 0.10.0 | 80.37 | 54.35 | 134.72 | OK | |
r-release-macos-arm64 | 0.10.0 | 111.00 | NOTE | |||
r-release-macos-x86_64 | 0.10.0 | 261.00 | NOTE | |||
r-release-windows-x86_64 | 0.10.0 | 104.00 | 609.00 | 713.00 | NOTE | |
r-oldrel-macos-arm64 | 0.10.0 | 109.00 | NOTE | |||
r-oldrel-macos-x86_64 | 0.10.0 | 209.00 | NOTE | |||
r-oldrel-windows-x86_64 | 0.10.0 | 105.00 | 682.00 | 787.00 | NOTE |
Version: 0.10.0
Check: top-level files
Result: NOTE
possible bashism in configure.ac line 72 (test -a/-o):
if test [$RVER_MAJOR -lt 3] -o [$RVER_MAJOR -eq 3 -a $RVER_MINOR -lt 3]; then
Flavors: r-devel-linux-x86_64-debian-clang, r-devel-linux-x86_64-debian-gcc, r-devel-linux-x86_64-fedora-clang, r-devel-linux-x86_64-fedora-gcc
Version: 0.10.0
Check: installed package size
Result: NOTE
installed size is 251.7Mb
sub-directories of 1Mb or more:
extdata 2.8Mb
libs 247.5Mb
Flavors: r-release-macos-arm64, r-release-macos-x86_64, r-release-windows-x86_64, r-oldrel-macos-arm64, r-oldrel-macos-x86_64, r-oldrel-windows-x86_64