Last updated on 2025-04-30 04:50:23 CEST.
Flavor | Version | Tinstall | Tcheck | Ttotal | Status | Flags |
---|---|---|---|---|---|---|
r-devel-linux-x86_64-debian-clang | 0.1.0 | 12.82 | 110.85 | 123.67 | NOTE | |
r-devel-linux-x86_64-debian-gcc | 0.1.0 | 9.86 | 74.41 | 84.27 | NOTE | |
r-devel-linux-x86_64-fedora-clang | 0.1.0 | 187.27 | OK | |||
r-devel-linux-x86_64-fedora-gcc | 0.1.0 | 175.88 | OK | |||
r-devel-windows-x86_64 | 0.1.0 | 14.00 | 110.00 | 124.00 | OK | |
r-patched-linux-x86_64 | 0.1.0 | 11.37 | 102.52 | 113.89 | OK | |
r-release-linux-x86_64 | 0.1.0 | 12.58 | 105.23 | 117.81 | OK | |
r-release-macos-arm64 | 0.1.0 | 54.00 | OK | |||
r-release-macos-x86_64 | 0.1.0 | 115.00 | OK | |||
r-release-windows-x86_64 | 0.1.0 | 14.00 | 110.00 | 124.00 | OK | |
r-oldrel-macos-arm64 | 0.1.0 | 48.00 | NOTE | |||
r-oldrel-macos-x86_64 | 0.1.0 | 86.00 | NOTE | |||
r-oldrel-windows-x86_64 | 0.1.0 | 18.00 | 140.00 | 158.00 | NOTE |
Version: 0.1.0
Check: CRAN incoming feasibility
Result: NOTE
Maintainer: ‘Sayanti Guha Majumdar <sayanti23gm@gmail.com>’
No Authors@R field in DESCRIPTION.
Please add one, modifying
Authors@R: c(person(given = c("Sayanti", "Guha"),
family = "Majumdar",
role = c("aut", "cre"),
email = "sayanti23gm@gmail.com"),
person(given = "Anil",
family = "Rai",
role = "aut"),
person(given = c("Dwijesh", "Chandra"),
family = "Mishra",
role = "aut"))
as necessary.
Flavors: r-devel-linux-x86_64-debian-clang, r-devel-linux-x86_64-debian-gcc
Version: 0.1.0
Check: examples
Result: NOTE
Examples with CPU (user + system) or elapsed time > 5s
user system elapsed
ensemble 4.189 0.084 5.511
Flavor: r-devel-linux-x86_64-debian-clang
Version: 0.1.0
Check: LazyData
Result: NOTE
'LazyData' is specified without a 'data' directory
Flavors: r-oldrel-macos-arm64, r-oldrel-macos-x86_64, r-oldrel-windows-x86_64