Last updated on 2025-04-30 04:50:23 CEST.
Flavor | Version | Tinstall | Tcheck | Ttotal | Status | Flags |
---|---|---|---|---|---|---|
r-devel-linux-x86_64-debian-clang | 0.9.0 | 22.12 | 49.58 | 71.70 | NOTE | |
r-devel-linux-x86_64-debian-gcc | 0.9.0 | 14.93 | 36.95 | 51.88 | NOTE | |
r-devel-linux-x86_64-fedora-clang | 0.9.0 | 126.43 | NOTE | |||
r-devel-linux-x86_64-fedora-gcc | 0.9.0 | 136.17 | NOTE | |||
r-devel-windows-x86_64 | 0.9.0 | 28.00 | 93.00 | 121.00 | NOTE | |
r-patched-linux-x86_64 | 0.9.0 | 22.10 | 49.07 | 71.17 | NOTE | |
r-release-linux-x86_64 | 0.9.0 | 21.57 | 48.90 | 70.47 | NOTE | |
r-release-macos-arm64 | 0.9.0 | 46.00 | NOTE | |||
r-release-macos-x86_64 | 0.9.0 | 79.00 | NOTE | |||
r-release-windows-x86_64 | 0.9.0 | 27.00 | 95.00 | 122.00 | NOTE | |
r-oldrel-macos-arm64 | 0.9.0 | 43.00 | NOTE | |||
r-oldrel-macos-x86_64 | 0.9.0 | 59.00 | NOTE | |||
r-oldrel-windows-x86_64 | 0.9.0 | 32.00 | 111.00 | 143.00 | NOTE |
Version: 0.9.0
Check: CRAN incoming feasibility
Result: NOTE
Maintainer: ‘Guo Yu <gy63@cornell.edu>’
The Description field contains
Bien (2016) and is available at <https://arxiv.org/abs/1604.07451>.
Please refer to arXiv e-prints via their arXiv DOI <doi:10.48550/arXiv.YYMM.NNNNN>.
Flavors: r-devel-linux-x86_64-debian-clang, r-devel-linux-x86_64-debian-gcc
Version: 0.9.0
Check: Rd files
Result: NOTE
checkRd: (-1) sample_gen.Rd:18: Lost braces; missing escapes or markup?
18 | Generate \code{n} random samples from multivariate Gaussian distribution N(0, (L^TL)^{-1})
| ^
Flavors: r-devel-linux-x86_64-debian-clang, r-devel-linux-x86_64-debian-gcc, r-devel-linux-x86_64-fedora-clang, r-devel-linux-x86_64-fedora-gcc, r-devel-windows-x86_64, r-patched-linux-x86_64, r-release-linux-x86_64, r-release-macos-arm64, r-release-macos-x86_64, r-release-windows-x86_64, r-oldrel-macos-arm64, r-oldrel-macos-x86_64, r-oldrel-windows-x86_64
Version: 0.9.0
Check: examples
Result: NOTE
Examples with CPU (user + system) or elapsed time > 5s
user system elapsed
varband_cv 8.405 0.002 9.347
Flavor: r-devel-linux-x86_64-debian-clang
Version: 0.9.0
Check: examples
Result: NOTE
Examples with CPU (user + system) or elapsed time > 5s
user system elapsed
varband_cv 5.541 0.012 6.084
Flavor: r-devel-linux-x86_64-debian-gcc
Version: 0.9.0
Check: compiled code
Result: NOTE
File ‘varband/libs/varband.so’:
Found no calls to: ‘R_registerRoutines’, ‘R_useDynamicSymbols’
It is good practice to register native routines and to disable symbol
search.
See ‘Writing portable packages’ in the ‘Writing R Extensions’ manual.
Flavors: r-devel-linux-x86_64-fedora-clang, r-devel-linux-x86_64-fedora-gcc
Version: 0.9.0
Check: LazyData
Result: NOTE
'LazyData' is specified without a 'data' directory
Flavors: r-oldrel-macos-arm64, r-oldrel-macos-x86_64, r-oldrel-windows-x86_64