Last updated on 2025-04-30 04:50:23 CEST.
Flavor | Version | Tinstall | Tcheck | Ttotal | Status | Flags |
---|---|---|---|---|---|---|
r-devel-linux-x86_64-debian-clang | 2.6-10 | 20.04 | 181.80 | 201.84 | NOTE | |
r-devel-linux-x86_64-debian-gcc | 2.6-10 | 12.86 | 145.70 | 158.56 | NOTE | |
r-devel-linux-x86_64-fedora-clang | 2.6-10 | 320.30 | OK | |||
r-devel-linux-x86_64-fedora-gcc | 2.6-10 | 344.62 | OK | |||
r-devel-windows-x86_64 | 2.6-10 | 26.00 | 235.00 | 261.00 | OK | |
r-patched-linux-x86_64 | 2.6-10 | 18.89 | 189.26 | 208.15 | OK | |
r-release-linux-x86_64 | 2.6-10 | 16.86 | 191.71 | 208.57 | OK | |
r-release-macos-arm64 | 2.6-10 | 160.00 | OK | |||
r-release-macos-x86_64 | 2.6-10 | 248.00 | OK | |||
r-release-windows-x86_64 | 2.6-10 | 25.00 | 240.00 | 265.00 | OK | |
r-oldrel-macos-arm64 | 2.6-10 | 143.00 | OK | |||
r-oldrel-macos-x86_64 | 2.6-10 | 187.00 | OK | |||
r-oldrel-windows-x86_64 | 2.6-10 | 29.00 | 308.00 | 337.00 | OK |
Version: 2.6-10
Check: examples
Result: NOTE
Examples with CPU (user + system) or elapsed time > 5s
user system elapsed
varbvsmix 5.391 0.016 6.4
Flavor: r-devel-linux-x86_64-debian-clang
Version: 2.6-10
Check: examples
Result: NOTE
Examples with CPU (user + system) or elapsed time > 5s
user system elapsed
varbvsmix 4.169 0.021 5.078
Flavor: r-devel-linux-x86_64-debian-gcc