CRAN Package Check Results for Package varitas

Last updated on 2025-04-30 04:50:23 CEST.

Flavor Version Tinstall Tcheck Ttotal Status Flags
r-devel-linux-x86_64-debian-clang 0.0.2 4.88 54.48 59.36 NOTE
r-devel-linux-x86_64-debian-gcc 0.0.2 3.93 40.42 44.35 NOTE
r-devel-linux-x86_64-fedora-clang 0.0.2 98.01 NOTE
r-devel-linux-x86_64-fedora-gcc 0.0.2 105.31 NOTE
r-devel-windows-x86_64 0.0.2 10.00 92.00 102.00 NOTE
r-patched-linux-x86_64 0.0.2 7.18 51.78 58.96 NOTE
r-release-linux-x86_64 0.0.2 6.34 52.00 58.34 NOTE
r-release-macos-arm64 0.0.2 37.00 NOTE
r-release-macos-x86_64 0.0.2 71.00 NOTE
r-release-windows-x86_64 0.0.2 11.00 85.00 96.00 NOTE
r-oldrel-macos-arm64 0.0.2 35.00 NOTE
r-oldrel-macos-x86_64 0.0.2 55.00 NOTE
r-oldrel-windows-x86_64 0.0.2 10.00 94.00 104.00 NOTE

Check Details

Version: 0.0.2
Check: Rd files
Result: NOTE checkRd: (-1) get.miniseq.sample.files.Rd:15: Lost braces 15 | \item{file.suffix}{Regex expression for end of file name. For example, `file.suffix = '_S\\d{1,2}_.*_R1_.*'` will match R1 files.1 files.} | ^ Flavors: r-devel-linux-x86_64-debian-clang, r-devel-linux-x86_64-debian-gcc, r-devel-linux-x86_64-fedora-clang, r-devel-linux-x86_64-fedora-gcc, r-devel-windows-x86_64, r-patched-linux-x86_64, r-release-linux-x86_64, r-release-macos-arm64, r-release-macos-x86_64, r-release-windows-x86_64, r-oldrel-macos-arm64, r-oldrel-macos-x86_64, r-oldrel-windows-x86_64