CRAN Package Check Results for Package varjmcm

Last updated on 2025-04-30 04:50:23 CEST.

Flavor Version Tinstall Tcheck Ttotal Status Flags
r-devel-linux-x86_64-debian-clang 0.1.1 6.16 57.12 63.28 OK
r-devel-linux-x86_64-debian-gcc 0.1.1 5.17 42.10 47.27 OK
r-devel-linux-x86_64-fedora-clang 0.1.1 99.37 OK
r-devel-linux-x86_64-fedora-gcc 0.1.1 94.31 OK
r-devel-windows-x86_64 0.1.1 7.00 73.00 80.00 OK
r-patched-linux-x86_64 0.1.1 6.87 54.47 61.34 OK
r-release-linux-x86_64 0.1.1 6.22 54.53 60.75 OK
r-release-macos-arm64 0.1.1 32.00 OK
r-release-macos-x86_64 0.1.1 55.00 OK
r-release-windows-x86_64 0.1.1 8.00 70.00 78.00 OK
r-oldrel-macos-arm64 0.1.1 31.00 NOTE
r-oldrel-macos-x86_64 0.1.1 45.00 NOTE
r-oldrel-windows-x86_64 0.1.1 9.00 82.00 91.00 NOTE

Check Details

Version: 0.1.1
Check: LazyData
Result: NOTE 'LazyData' is specified without a 'data' directory Flavors: r-oldrel-macos-arm64, r-oldrel-macos-x86_64, r-oldrel-windows-x86_64