Last updated on 2025-04-30 04:50:23 CEST.
Flavor | Version | Tinstall | Tcheck | Ttotal | Status | Flags |
---|---|---|---|---|---|---|
r-devel-linux-x86_64-debian-clang | 1.4-13 | 11.34 | 172.07 | 183.41 | NOTE | |
r-devel-linux-x86_64-debian-gcc | 1.4-13 | 7.56 | 117.56 | 125.12 | OK | |
r-devel-linux-x86_64-fedora-clang | 1.4-13 | 281.30 | OK | |||
r-devel-linux-x86_64-fedora-gcc | 1.4-13 | 284.07 | OK | |||
r-devel-windows-x86_64 | 1.4-13 | 12.00 | 225.00 | 237.00 | OK | |
r-patched-linux-x86_64 | 1.4-13 | 14.53 | 159.27 | 173.80 | OK | |
r-release-linux-x86_64 | 1.4-13 | 10.88 | 160.28 | 171.16 | OK | |
r-release-macos-arm64 | 1.4-13 | 85.00 | OK | |||
r-release-macos-x86_64 | 1.4-13 | 184.00 | OK | |||
r-release-windows-x86_64 | 1.4-13 | 12.00 | 223.00 | 235.00 | OK | |
r-oldrel-macos-arm64 | 1.4-13 | 89.00 | OK | |||
r-oldrel-macos-x86_64 | 1.4-13 | 237.00 | OK | |||
r-oldrel-windows-x86_64 | 1.4-13 | 16.00 | 270.00 | 286.00 | OK |
Version: 1.4-13
Check: examples
Result: NOTE
Examples with CPU (user + system) or elapsed time > 5s
user system elapsed
pairs.table 5.18 0.003 7.225
Flavor: r-devel-linux-x86_64-debian-clang