CRAN Package Check Results for Package vdar

Last updated on 2025-04-30 04:50:23 CEST.

Flavor Version Tinstall Tcheck Ttotal Status Flags
r-devel-linux-x86_64-debian-clang 0.1.3-2 2.45 25.40 27.85 NOTE
r-devel-linux-x86_64-debian-gcc 0.1.3-2 1.78 19.42 21.20 NOTE
r-devel-linux-x86_64-fedora-clang 0.1.3-2 44.31 OK
r-devel-linux-x86_64-fedora-gcc 0.1.3-2 40.86 OK
r-devel-windows-x86_64 0.1.3-2 4.00 48.00 52.00 OK
r-patched-linux-x86_64 0.1.3-2 2.43 24.37 26.80 OK
r-release-linux-x86_64 0.1.3-2 2.06 24.24 26.30 OK
r-release-macos-arm64 0.1.3-2 20.00 OK
r-release-macos-x86_64 0.1.3-2 32.00 OK
r-release-windows-x86_64 0.1.3-2 4.00 48.00 52.00 OK
r-oldrel-macos-arm64 0.1.3-2 17.00 OK
r-oldrel-macos-x86_64 0.1.3-2 25.00 OK
r-oldrel-windows-x86_64 0.1.3-2 4.00 50.00 54.00 OK

Check Details

Version: 0.1.3-2
Check: CRAN incoming feasibility
Result: NOTE Maintainer: ‘Solveig Pospiech <s.pospiech@hzdr.de>’ No Authors@R field in DESCRIPTION. Please add one, modifying Authors@R: person(given = "Solveig", family = "Pospiech", role = c("aut", "cre"), email = "s.pospiech@hzdr.de") as necessary. Flavors: r-devel-linux-x86_64-debian-clang, r-devel-linux-x86_64-debian-gcc