Last updated on 2025-02-21 03:52:30 CET.
Flavor | Version | Tinstall | Tcheck | Ttotal | Status | Flags |
---|---|---|---|---|---|---|
r-devel-linux-x86_64-debian-clang | 1.2.3 | 11.64 | 141.97 | 153.61 | NOTE | |
r-devel-linux-x86_64-debian-gcc | 1.2.3 | 8.26 | 106.97 | 115.23 | NOTE | |
r-devel-linux-x86_64-fedora-clang | 1.2.3 | 250.73 | NOTE | |||
r-devel-linux-x86_64-fedora-gcc | 1.2.3 | 256.95 | NOTE | |||
r-devel-macos-arm64 | 1.2.3 | 88.00 | OK | |||
r-devel-macos-x86_64 | 1.2.3 | 214.00 | OK | |||
r-devel-windows-x86_64 | 1.2.3 | 16.00 | 227.00 | 243.00 | NOTE | |
r-patched-linux-x86_64 | 1.2.3 | 15.72 | 131.98 | 147.70 | OK | |
r-release-linux-x86_64 | 1.2.3 | 11.84 | 131.96 | 143.80 | OK | |
r-release-macos-arm64 | 1.2.3 | 94.00 | OK | |||
r-release-macos-x86_64 | 1.2.3 | 145.00 | OK | |||
r-release-windows-x86_64 | 1.2.3 | 15.00 | 227.00 | 242.00 | OK | |
r-oldrel-macos-arm64 | 1.2.3 | 97.00 | OK | |||
r-oldrel-macos-x86_64 | 1.2.3 | 238.00 | OK | |||
r-oldrel-windows-x86_64 | 1.2.3 | 18.00 | 234.00 | 252.00 | OK |
Version: 1.2.3
Check: Rd cross-references
Result: NOTE
Found the following Rd file(s) with Rd \link{} targets missing package
anchors:
plot.spv.Rd: stat_binhex, grid.arrange, ggplot
vdg-package.Rd: theme
Please provide package anchors for all Rd \link{} targets not in the
package itself and the base packages.
Flavors: r-devel-linux-x86_64-debian-clang, r-devel-linux-x86_64-debian-gcc, r-devel-windows-x86_64
Version: 1.2.3
Check: compiled code
Result: NOTE
File ‘vdg/libs/vdg.so’:
Found no calls to: ‘R_registerRoutines’, ‘R_useDynamicSymbols’
It is good practice to register native routines and to disable symbol
search.
See ‘Writing portable packages’ in the ‘Writing R Extensions’ manual.
Flavors: r-devel-linux-x86_64-fedora-clang, r-devel-linux-x86_64-fedora-gcc