Last updated on 2025-04-30 04:50:23 CEST.
Flavor | Version | Tinstall | Tcheck | Ttotal | Status | Flags |
---|---|---|---|---|---|---|
r-devel-linux-x86_64-debian-clang | 0.6.1 | 5.92 | 51.49 | 57.41 | NOTE | |
r-devel-linux-x86_64-debian-gcc | 0.6.1 | 3.79 | 38.01 | 41.80 | NOTE | |
r-devel-linux-x86_64-fedora-clang | 0.6.1 | 86.82 | OK | |||
r-devel-linux-x86_64-fedora-gcc | 0.6.1 | 96.67 | OK | |||
r-devel-windows-x86_64 | 0.6.1 | 9.00 | 86.00 | 95.00 | OK | |
r-patched-linux-x86_64 | 0.6.1 | 6.77 | 48.06 | 54.83 | OK | |
r-release-linux-x86_64 | 0.6.1 | 5.40 | 47.90 | 53.30 | OK | |
r-release-macos-arm64 | 0.6.1 | 38.00 | OK | |||
r-release-macos-x86_64 | 0.6.1 | 72.00 | OK | |||
r-release-windows-x86_64 | 0.6.1 | 9.00 | 83.00 | 92.00 | OK | |
r-oldrel-macos-arm64 | 0.6.1 | 36.00 | OK | |||
r-oldrel-macos-x86_64 | 0.6.1 | 58.00 | OK | |||
r-oldrel-windows-x86_64 | 0.6.1 | 10.00 | 93.00 | 103.00 | OK |
Version: 0.6.1
Check: CRAN incoming feasibility
Result: NOTE
Maintainer: ‘Bob Rudis <bob@rudis.net>’
Found the following (possibly) invalid file URI:
URI: CONDUCT.md
From: README.md
Flavors: r-devel-linux-x86_64-debian-clang, r-devel-linux-x86_64-debian-gcc