Last updated on 2025-11-03 03:50:00 CET.
| Flavor | Version | Tinstall | Tcheck | Ttotal | Status | Flags | 
|---|---|---|---|---|---|---|
| r-devel-linux-x86_64-debian-clang | 0.9.12 | 7.81 | 60.55 | 68.36 | ERROR | |
| r-devel-linux-x86_64-debian-gcc | 0.9.12 | 5.69 | 43.03 | 48.72 | ERROR | |
| r-devel-linux-x86_64-fedora-clang | 0.9.12 | 16.00 | 87.55 | 103.55 | ERROR | |
| r-devel-linux-x86_64-fedora-gcc | 0.9.12 | 16.00 | 96.19 | 112.19 | ERROR | |
| r-devel-windows-x86_64 | 0.9.12 | 10.00 | 77.00 | 87.00 | ERROR | |
| r-patched-linux-x86_64 | 0.9.12 | 8.40 | 56.97 | 65.37 | ERROR | |
| r-release-linux-x86_64 | 0.9.12 | 7.70 | 57.18 | 64.88 | ERROR | |
| r-release-macos-arm64 | 0.9.12 | 3.00 | 68.00 | 71.00 | OK | |
| r-release-macos-x86_64 | 0.9.12 | 7.00 | 122.00 | 129.00 | OK | |
| r-release-windows-x86_64 | 0.9.12 | 10.00 | 76.00 | 86.00 | ERROR | |
| r-oldrel-macos-arm64 | 0.9.12 | 3.00 | 68.00 | 71.00 | OK | |
| r-oldrel-macos-x86_64 | 0.9.12 | 8.00 | 153.00 | 161.00 | OK | |
| r-oldrel-windows-x86_64 | 0.9.12 | 13.00 | 92.00 | 105.00 | ERROR | 
Version: 0.9.12
Check: CRAN incoming feasibility
Result: NOTE
  Maintainer: ‘Florian Jansen <florian.jansen@uni-rostock.de>’
  
  No Authors@R field in DESCRIPTION.
  Please add one, modifying
    Authors@R: person(given = "Florian",
                      family = "Jansen",
                      role = c("aut", "cre"),
                      email = "florian.jansen@uni-rostock.de")
  as necessary.
Flavors: r-devel-linux-x86_64-debian-clang, r-devel-linux-x86_64-debian-gcc
Version: 0.9.12
Check: re-building of vignette outputs
Result: ERROR
  Error(s) in re-building vignettes:
    ...
  --- re-building ‘vegdata.Rnw’ using knitr
  
  Quitting from vegdata.Rnw:141-143 [tax]
  ~~~~~~~~~~~~~~~~~~~~~~~~~~~~~~~~~~~~~~~~~~~~~~~~~~~~~~~~~~~~~~~~~~~~~~~~~~~~~~~~
  <error/rlang_error>
  Error in `load.taxlist()`:
  ! Reference list file /home/hornik/tmp/scratch/RtmpKEqN6s/Species/GermanSL 1.5/species.dbf does not exist.
  ---
  Backtrace:
      x
   1. \-vegdata::tax("Quercus robur")
   2.   \-vegdata:::load.taxlist(refl, detailed = detailed)
  ~~~~~~~~~~~~~~~~~~~~~~~~~~~~~~~~~~~~~~~~~~~~~~~~~~~~~~~~~~~~~~~~~~~~~~~~~~~~~~~~
  
  Error: processing vignette 'vegdata.Rnw' failed with diagnostics:
  Reference list file /home/hornik/tmp/scratch/RtmpKEqN6s/Species/GermanSL 1.5/species.dbf does not exist.
  --- failed re-building ‘vegdata.Rnw’
  
  SUMMARY: processing the following file failed:
    ‘vegdata.Rnw’
  
  Error: Vignette re-building failed.
  Execution halted
Flavor: r-devel-linux-x86_64-debian-clang
Version: 0.9.12
Check: re-building of vignette outputs
Result: ERROR
  Error(s) in re-building vignettes:
    ...
  --- re-building ‘vegdata.Rnw’ using knitr
  
  Quitting from vegdata.Rnw:141-143 [tax]
  ~~~~~~~~~~~~~~~~~~~~~~~~~~~~~~~~~~~~~~~~~~~~~~~~~~~~~~~~~~~~~~~~~~~~~~~~~~~~~~~~
  <error/rlang_error>
  Error in `load.taxlist()`:
  ! Reference list file /tmp/RtmpNrjLpm/Species/GermanSL 1.5/species.dbf does not exist.
  ---
  Backtrace:
      x
   1. \-vegdata::tax("Quercus robur")
   2.   \-vegdata:::load.taxlist(refl, detailed = detailed)
  ~~~~~~~~~~~~~~~~~~~~~~~~~~~~~~~~~~~~~~~~~~~~~~~~~~~~~~~~~~~~~~~~~~~~~~~~~~~~~~~~
  
  Error: processing vignette 'vegdata.Rnw' failed with diagnostics:
  Reference list file /tmp/RtmpNrjLpm/Species/GermanSL 1.5/species.dbf does not exist.
  --- failed re-building ‘vegdata.Rnw’
  
  SUMMARY: processing the following file failed:
    ‘vegdata.Rnw’
  
  Error: Vignette re-building failed.
  Execution halted
Flavor: r-devel-linux-x86_64-debian-gcc
Version: 0.9.12
Check: re-building of vignette outputs
Result: ERROR
  Error(s) in re-building vignettes:
  --- re-building ‘vegdata.Rnw’ using knitr
  
  Quitting from vegdata.Rnw:141-143 [tax]
  ~~~~~~~~~~~~~~~~~~~~~~~~~~~~~~~~~~~~~~~~~~~~~~~~~~~~~~~~~~~~~~~~~~~~~~~~~~~~~~~~
  <error/rlang_error>
  Error in `load.taxlist()`:
  ! Reference list file /tmp/Rtmp9PrSwt/working_dir/RtmpVtRo3e/Species/GermanSL 1.5/species.dbf does not exist.
  ---
  Backtrace:
      x
   1. \-vegdata::tax("Quercus robur")
   2.   \-vegdata:::load.taxlist(refl, detailed = detailed)
  ~~~~~~~~~~~~~~~~~~~~~~~~~~~~~~~~~~~~~~~~~~~~~~~~~~~~~~~~~~~~~~~~~~~~~~~~~~~~~~~~
  
  Error: processing vignette 'vegdata.Rnw' failed with diagnostics:
  Reference list file /tmp/Rtmp9PrSwt/working_dir/RtmpVtRo3e/Species/GermanSL 1.5/species.dbf does not exist.
  --- failed re-building ‘vegdata.Rnw’
  
  SUMMARY: processing the following file failed:
    ‘vegdata.Rnw’
  
  Error: Vignette re-building failed.
  Execution halted
Flavor: r-devel-linux-x86_64-fedora-clang
Version: 0.9.12
Check: re-building of vignette outputs
Result: ERROR
  Error(s) in re-building vignettes:
  --- re-building ‘vegdata.Rnw’ using knitr
  
  Quitting from vegdata.Rnw:141-143 [tax]
  ~~~~~~~~~~~~~~~~~~~~~~~~~~~~~~~~~~~~~~~~~~~~~~~~~~~~~~~~~~~~~~~~~~~~~~~~~~~~~~~~
  <error/rlang_error>
  Error in `load.taxlist()`:
  ! Reference list file /tmp/Rtmp0FkSlS/working_dir/Rtmpu46KSk/Species/GermanSL 1.5/species.dbf does not exist.
  ---
  Backtrace:
      x
   1. \-vegdata::tax("Quercus robur")
   2.   \-vegdata:::load.taxlist(refl, detailed = detailed)
  ~~~~~~~~~~~~~~~~~~~~~~~~~~~~~~~~~~~~~~~~~~~~~~~~~~~~~~~~~~~~~~~~~~~~~~~~~~~~~~~~
  
  Error: processing vignette 'vegdata.Rnw' failed with diagnostics:
  Reference list file /tmp/Rtmp0FkSlS/working_dir/Rtmpu46KSk/Species/GermanSL 1.5/species.dbf does not exist.
  --- failed re-building ‘vegdata.Rnw’
  
  SUMMARY: processing the following file failed:
    ‘vegdata.Rnw’
  
  Error: Vignette re-building failed.
  Execution halted
Flavor: r-devel-linux-x86_64-fedora-gcc
Version: 0.9.12
Check: re-building of vignette outputs
Result: ERROR
  Error(s) in re-building vignettes:
  --- re-building 'vegdata.Rnw' using knitr
  
  Quitting from vegdata.Rnw:141-143 [tax]
  ~~~~~~~~~~~~~~~~~~~~~~~~~~~~~~~~~~~~~~~~~~~~~~~~~~~~~~~~~~~~~~~~~~~~~~~~~~~~~~~~
  <error/rlang_error>
  Error in `load.taxlist()`:
  ! Reference list file D:\temp\2025_10_14_01_50_00_4128\Rtmp0e6qyM/species/GermanSL 1.5/species.dbf does not exist.
  ---
  Backtrace:
      x
   1. \-vegdata::tax("Quercus robur")
   2.   \-vegdata:::load.taxlist(refl, detailed = detailed)
  ~~~~~~~~~~~~~~~~~~~~~~~~~~~~~~~~~~~~~~~~~~~~~~~~~~~~~~~~~~~~~~~~~~~~~~~~~~~~~~~~
  
  Error: processing vignette 'vegdata.Rnw' failed with diagnostics:
  Reference list file D:\temp\2025_10_14_01_50_00_4128\Rtmp0e6qyM/species/GermanSL 1.5/species.dbf does not exist.
  --- failed re-building 'vegdata.Rnw'
  
  SUMMARY: processing the following file failed:
    'vegdata.Rnw'
  
  Error: Vignette re-building failed.
  Execution halted
Flavor: r-devel-windows-x86_64
Version: 0.9.12
Check: re-building of vignette outputs
Result: ERROR
  Error(s) in re-building vignettes:
    ...
  --- re-building ‘vegdata.Rnw’ using knitr
  
  Quitting from vegdata.Rnw:141-143 [tax]
  ~~~~~~~~~~~~~~~~~~~~~~~~~~~~~~~~~~~~~~~~~~~~~~~~~~~~~~~~~~~~~~~~~~~~~~~~~~~~~~~~
  <error/rlang_error>
  Error in `load.taxlist()`:
  ! Reference list file /home/hornik/tmp/scratch/RtmpOtAet1/Species/GermanSL 1.5/species.dbf does not exist.
  ---
  Backtrace:
      x
   1. \-vegdata::tax("Quercus robur")
   2.   \-vegdata:::load.taxlist(refl, detailed = detailed)
  ~~~~~~~~~~~~~~~~~~~~~~~~~~~~~~~~~~~~~~~~~~~~~~~~~~~~~~~~~~~~~~~~~~~~~~~~~~~~~~~~
  
  Error: processing vignette 'vegdata.Rnw' failed with diagnostics:
  Reference list file /home/hornik/tmp/scratch/RtmpOtAet1/Species/GermanSL 1.5/species.dbf does not exist.
  --- failed re-building ‘vegdata.Rnw’
  
  SUMMARY: processing the following file failed:
    ‘vegdata.Rnw’
  
  Error: Vignette re-building failed.
  Execution halted
Flavor: r-patched-linux-x86_64
Version: 0.9.12
Check: re-building of vignette outputs
Result: ERROR
  Error(s) in re-building vignettes:
    ...
  --- re-building ‘vegdata.Rnw’ using knitr
  
  Quitting from vegdata.Rnw:141-143 [tax]
  ~~~~~~~~~~~~~~~~~~~~~~~~~~~~~~~~~~~~~~~~~~~~~~~~~~~~~~~~~~~~~~~~~~~~~~~~~~~~~~~~
  <error/rlang_error>
  Error in `load.taxlist()`:
  ! Reference list file /home/hornik/tmp/scratch/Rtmpn8ek1a/Species/GermanSL 1.5/species.dbf does not exist.
  ---
  Backtrace:
      x
   1. \-vegdata::tax("Quercus robur")
   2.   \-vegdata:::load.taxlist(refl, detailed = detailed)
  ~~~~~~~~~~~~~~~~~~~~~~~~~~~~~~~~~~~~~~~~~~~~~~~~~~~~~~~~~~~~~~~~~~~~~~~~~~~~~~~~
  
  Error: processing vignette 'vegdata.Rnw' failed with diagnostics:
  Reference list file /home/hornik/tmp/scratch/Rtmpn8ek1a/Species/GermanSL 1.5/species.dbf does not exist.
  --- failed re-building ‘vegdata.Rnw’
  
  SUMMARY: processing the following file failed:
    ‘vegdata.Rnw’
  
  Error: Vignette re-building failed.
  Execution halted
Flavor: r-release-linux-x86_64
Version: 0.9.12
Check: re-building of vignette outputs
Result: ERROR
  Error(s) in re-building vignettes:
  --- re-building 'vegdata.Rnw' using knitr
  
  Quitting from vegdata.Rnw:141-143 [tax]
  ~~~~~~~~~~~~~~~~~~~~~~~~~~~~~~~~~~~~~~~~~~~~~~~~~~~~~~~~~~~~~~~~~~~~~~~~~~~~~~~~
  <error/rlang_error>
  Error in `load.taxlist()`:
  ! Reference list file D:\temp\2025_11_01_00_52_33_4216\Rtmps5SIQJ/species/GermanSL 1.5/species.dbf does not exist.
  ---
  Backtrace:
      x
   1. \-vegdata::tax("Quercus robur")
   2.   \-vegdata:::load.taxlist(refl, detailed = detailed)
  ~~~~~~~~~~~~~~~~~~~~~~~~~~~~~~~~~~~~~~~~~~~~~~~~~~~~~~~~~~~~~~~~~~~~~~~~~~~~~~~~
  
  Error: processing vignette 'vegdata.Rnw' failed with diagnostics:
  Reference list file D:\temp\2025_11_01_00_52_33_4216\Rtmps5SIQJ/species/GermanSL 1.5/species.dbf does not exist.
  --- failed re-building 'vegdata.Rnw'
  
  SUMMARY: processing the following file failed:
    'vegdata.Rnw'
  
  Error: Vignette re-building failed.
  Execution halted
Flavor: r-release-windows-x86_64
Version: 0.9.12
Check: re-building of vignette outputs
Result: ERROR
  Error(s) in re-building vignettes:
  --- re-building 'vegdata.Rnw' using knitr
  
  Quitting from vegdata.Rnw:141-143 [tax]
  ~~~~~~~~~~~~~~~~~~~~~~~~~~~~~~~~~~~~~~~~~~~~~~~~~~~~~~~~~~~~~~~~~~~~~~~~~~~~~~~~
  <error/rlang_error>
  Error in `load.taxlist()`:
  ! Reference list file D:\temp\2025_11_01_01_50_01_15473\RtmpsrIxlc/species/GermanSL 1.5/species.dbf does not exist.
  ---
  Backtrace:
      x
   1. \-vegdata::tax("Quercus robur")
   2.   \-vegdata:::load.taxlist(refl, detailed = detailed)
  ~~~~~~~~~~~~~~~~~~~~~~~~~~~~~~~~~~~~~~~~~~~~~~~~~~~~~~~~~~~~~~~~~~~~~~~~~~~~~~~~
  
  Error: processing vignette 'vegdata.Rnw' failed with diagnostics:
  Reference list file D:\temp\2025_11_01_01_50_01_15473\RtmpsrIxlc/species/GermanSL 1.5/species.dbf does not exist.
  --- failed re-building 'vegdata.Rnw'
  
  SUMMARY: processing the following file failed:
    'vegdata.Rnw'
  
  Error: Vignette re-building failed.
  Execution halted
Flavor: r-oldrel-windows-x86_64