CRAN Package Check Results for Package vegperiod

Last updated on 2025-04-30 04:50:23 CEST.

Flavor Version Tinstall Tcheck Ttotal Status Flags
r-devel-linux-x86_64-debian-clang 0.4.0 2.19 24.06 26.25 NOTE
r-devel-linux-x86_64-debian-gcc 0.4.0 1.69 19.02 20.71 NOTE
r-devel-linux-x86_64-fedora-clang 0.4.0 37.74 OK
r-devel-linux-x86_64-fedora-gcc 0.4.0 36.71 OK
r-devel-windows-x86_64 0.4.0 4.00 50.00 54.00 OK
r-patched-linux-x86_64 0.4.0 2.56 21.71 24.27 OK
r-release-linux-x86_64 0.4.0 2.18 21.69 23.87 OK
r-release-macos-arm64 0.4.0 20.00 OK
r-release-macos-x86_64 0.4.0 28.00 OK
r-release-windows-x86_64 0.4.0 3.00 47.00 50.00 OK
r-oldrel-macos-arm64 0.4.0 16.00 OK
r-oldrel-macos-x86_64 0.4.0 24.00 OK
r-oldrel-windows-x86_64 0.4.0 3.00 48.00 51.00 OK

Check Details

Version: 0.4.0
Check: CRAN incoming feasibility
Result: NOTE Maintainer: ‘Robert Nuske <robert.nuske@mailbox.org>’ Package CITATION file contains call(s) to old-style citEntry(). Please use bibentry() instead. Flavors: r-devel-linux-x86_64-debian-clang, r-devel-linux-x86_64-debian-gcc