Last updated on 2025-11-03 03:50:00 CET.
| Flavor | Version | Tinstall | Tcheck | Ttotal | Status | Flags |
|---|---|---|---|---|---|---|
| r-devel-linux-x86_64-debian-clang | 1.5.0 | 26.44 | 212.14 | 238.58 | OK | |
| r-devel-linux-x86_64-debian-gcc | 1.5.0 | 18.25 | 136.12 | 154.37 | OK | |
| r-devel-linux-x86_64-fedora-clang | 1.5.0 | 54.00 | 300.39 | 354.39 | OK | |
| r-devel-linux-x86_64-fedora-gcc | 1.5.0 | 55.00 | 305.06 | 360.06 | OK | |
| r-devel-windows-x86_64 | 1.5.0 | 32.00 | 204.00 | 236.00 | OK | |
| r-patched-linux-x86_64 | 1.5.0 | 27.84 | 190.23 | 218.07 | OK | |
| r-release-linux-x86_64 | 1.5.0 | 23.89 | 192.58 | 216.47 | OK | |
| r-release-macos-arm64 | 1.5.0 | 13.00 | 88.00 | 101.00 | OK | |
| r-release-macos-x86_64 | 1.5.0 | 32.00 | 198.00 | 230.00 | OK | |
| r-release-windows-x86_64 | 1.5.0 | 34.00 | 205.00 | 239.00 | OK | |
| r-oldrel-macos-arm64 | 1.5.0 | 16.00 | 92.00 | 108.00 | NOTE | |
| r-oldrel-macos-x86_64 | 1.5.0 | 25.00 | 187.00 | 212.00 | NOTE | |
| r-oldrel-windows-x86_64 | 1.5.0 | 42.00 | 269.00 | 311.00 | OK |
Version: 1.5.0
Check: installed package size
Result: NOTE
installed size is 5.2Mb
sub-directories of 1Mb or more:
R 3.4Mb
help 1.1Mb
Flavors: r-oldrel-macos-arm64, r-oldrel-macos-x86_64