CRAN Package Check Results for Package vein

Last updated on 2025-04-30 04:50:23 CEST.

Flavor Version Tinstall Tcheck Ttotal Status Flags
r-devel-linux-x86_64-debian-clang 1.3.0 26.30 214.65 240.95 OK
r-devel-linux-x86_64-debian-gcc 1.3.0 18.32 137.25 155.57 OK
r-devel-linux-x86_64-fedora-clang 1.3.0 361.60 OK
r-devel-linux-x86_64-fedora-gcc 1.3.0 364.12 OK
r-devel-windows-x86_64 1.3.0 31.00 226.00 257.00 OK
r-patched-linux-x86_64 1.3.0 28.04 196.11 224.15 OK
r-release-linux-x86_64 1.3.0 23.93 193.17 217.10 OK
r-release-macos-arm64 1.3.0 113.00 OK
r-release-macos-x86_64 1.3.0 229.00 OK
r-release-windows-x86_64 1.3.0 34.00 229.00 263.00 OK
r-oldrel-macos-arm64 1.3.0 104.00 NOTE
r-oldrel-macos-x86_64 1.3.0 188.00 NOTE
r-oldrel-windows-x86_64 1.3.0 36.00 285.00 321.00 OK

Check Details

Version: 1.3.0
Check: installed package size
Result: NOTE installed size is 5.2Mb sub-directories of 1Mb or more: R 3.4Mb help 1.1Mb Flavors: r-oldrel-macos-arm64, r-oldrel-macos-x86_64