Last updated on 2025-04-30 04:50:23 CEST.
Flavor | Version | Tinstall | Tcheck | Ttotal | Status | Flags |
---|---|---|---|---|---|---|
r-devel-linux-x86_64-debian-clang | 1.12 | 2.88 | 30.97 | 33.85 | NOTE | |
r-devel-linux-x86_64-debian-gcc | 1.12 | 2.24 | 23.17 | 25.41 | OK | |
r-devel-linux-x86_64-fedora-clang | 1.12 | 51.07 | OK | |||
r-devel-linux-x86_64-fedora-gcc | 1.12 | 48.12 | OK | |||
r-devel-windows-x86_64 | 1.12 | 4.00 | 58.00 | 62.00 | OK | |
r-patched-linux-x86_64 | 1.12 | 3.03 | 28.61 | 31.64 | OK | |
r-release-linux-x86_64 | 1.12 | 2.86 | 28.97 | 31.83 | OK | |
r-release-macos-arm64 | 1.12 | 21.00 | OK | |||
r-release-macos-x86_64 | 1.12 | 40.00 | OK | |||
r-release-windows-x86_64 | 1.12 | 4.00 | 56.00 | 60.00 | OK | |
r-oldrel-macos-arm64 | 1.12 | 26.00 | OK | |||
r-oldrel-macos-x86_64 | 1.12 | 43.00 | OK | |||
r-oldrel-windows-x86_64 | 1.12 | 4.00 | 58.00 | 62.00 | OK |
Version: 1.12
Check: examples
Result: NOTE
Examples with CPU (user + system) or elapsed time > 5s
user system elapsed
venn 4.129 0.133 5.313
Flavor: r-devel-linux-x86_64-debian-clang