CRAN Package Check Results for Package vetiver

Last updated on 2025-04-30 04:50:23 CEST.

Flavor Version Tinstall Tcheck Ttotal Status Flags
r-devel-linux-x86_64-debian-clang 0.2.5 5.75 112.55 118.30 NOTE
r-devel-linux-x86_64-debian-gcc 0.2.5 3.66 82.58 86.24 OK
r-devel-linux-x86_64-fedora-clang 0.2.5 197.41 OK
r-devel-linux-x86_64-fedora-gcc 0.2.5 201.21 OK
r-devel-windows-x86_64 0.2.5 10.00 134.00 144.00 OK
r-patched-linux-x86_64 0.2.5 7.35 105.27 112.62 OK
r-release-linux-x86_64 0.2.5 6.31 106.79 113.10 OK
r-release-macos-arm64 0.2.5 68.00 OK
r-release-macos-x86_64 0.2.5 145.00 OK
r-release-windows-x86_64 0.2.5 9.00 132.00 141.00 OK
r-oldrel-macos-arm64 0.2.5 50.00 OK
r-oldrel-macos-x86_64 0.2.5 77.00 OK
r-oldrel-windows-x86_64 0.2.5 11.00 168.00 179.00 OK

Check Details

Version: 0.2.5
Check: examples
Result: NOTE Examples with CPU (user + system) or elapsed time > 5s user system elapsed vetiver_compute_metrics 4.526 0.353 6.07 Flavor: r-devel-linux-x86_64-debian-clang