Last updated on 2025-04-30 04:50:23 CEST.
Flavor | Version | Tinstall | Tcheck | Ttotal | Status | Flags |
---|---|---|---|---|---|---|
r-devel-linux-x86_64-debian-clang | 0.15.6 | 10.11 | 189.69 | 199.80 | NOTE | |
r-devel-linux-x86_64-debian-gcc | 0.15.6 | 6.72 | 130.57 | 137.29 | NOTE | |
r-devel-linux-x86_64-fedora-clang | 0.15.6 | 294.72 | OK | |||
r-devel-linux-x86_64-fedora-gcc | 0.15.6 | 289.86 | OK | |||
r-devel-windows-x86_64 | 0.15.6 | 15.00 | 188.00 | 203.00 | OK | |
r-patched-linux-x86_64 | 0.15.6 | 10.82 | 171.00 | 181.82 | OK | |
r-release-linux-x86_64 | 0.15.6 | 8.30 | 172.84 | 181.14 | OK | |
r-release-macos-arm64 | 0.15.6 | 90.00 | OK | |||
r-release-macos-x86_64 | 0.15.6 | 177.00 | OK | |||
r-release-windows-x86_64 | 0.15.6 | 16.00 | 184.00 | 200.00 | OK | |
r-oldrel-macos-arm64 | 0.15.6 | 87.00 | OK | |||
r-oldrel-macos-x86_64 | 0.15.6 | 165.00 | OK | |||
r-oldrel-windows-x86_64 | 0.15.6 | 16.00 | 236.00 | 252.00 | OK |
Version: 0.15.6
Check: examples
Result: NOTE
Examples with CPU (user + system) or elapsed time > 5s
user system elapsed
vigi_routine 6.224 0.033 7.497
Flavor: r-devel-linux-x86_64-debian-clang
Version: 0.15.6
Check: examples
Result: NOTE
Examples with CPU (user + system) or elapsed time > 5s
user system elapsed
vigi_routine 3.947 0.074 5.046
Flavor: r-devel-linux-x86_64-debian-gcc