Last updated on 2025-11-04 03:51:13 CET.
| Flavor | Version | Tinstall | Tcheck | Ttotal | Status | Flags | 
|---|---|---|---|---|---|---|
| r-devel-linux-x86_64-debian-clang | 1.0.2 | 2.92 | 30.84 | 33.76 | NOTE | |
| r-devel-linux-x86_64-debian-gcc | 1.0.2 | 2.02 | 22.77 | 24.79 | NOTE | |
| r-devel-linux-x86_64-fedora-clang | 1.0.2 | 50.44 | OK | |||
| r-devel-linux-x86_64-fedora-gcc | 1.0.2 | 48.08 | OK | |||
| r-devel-windows-x86_64 | 1.0.2 | 3.00 | 47.00 | 50.00 | OK | |
| r-patched-linux-x86_64 | 1.0.2 | 3.04 | 28.57 | 31.61 | OK | |
| r-release-linux-x86_64 | 1.0.2 | 2.34 | 28.72 | 31.06 | OK | |
| r-release-macos-arm64 | 1.0.2 | 1.00 | 18.00 | 19.00 | OK | |
| r-release-macos-x86_64 | 1.0.2 | 2.00 | 30.00 | 32.00 | OK | |
| r-release-windows-x86_64 | 1.0.2 | 3.00 | 46.00 | 49.00 | OK | |
| r-oldrel-macos-arm64 | 1.0.2 | 1.00 | 17.00 | 18.00 | OK | |
| r-oldrel-macos-x86_64 | 1.0.2 | 2.00 | 24.00 | 26.00 | OK | |
| r-oldrel-windows-x86_64 | 1.0.2 | 3.00 | 56.00 | 59.00 | OK | 
Version: 1.0.2
Check: CRAN incoming feasibility
Result: NOTE
  Maintainer: ‘Joseph de Vilmarest <joseph.de-vilmarest@vikingconseil.fr>’
  
  No Authors@R field in DESCRIPTION.
  Please add one, modifying
    Authors@R: person(given = "Joseph",
                      family = "de Vilmarest",
                      role = c("aut", "cre"),
                      email = "joseph.de-vilmarest@vikingconseil.fr",
                      comment = c(ORCID = "0000-0002-0634-8484"))
  as necessary.
Flavors: r-devel-linux-x86_64-debian-clang, r-devel-linux-x86_64-debian-gcc