Last updated on 2025-02-21 03:52:30 CET.
Flavor | Version | Tinstall | Tcheck | Ttotal | Status | Flags |
---|---|---|---|---|---|---|
r-devel-linux-x86_64-debian-clang | 2.0.0 | 8.89 | 521.40 | 530.29 | OK | |
r-devel-linux-x86_64-debian-gcc | 2.0.0 | 6.90 | 299.13 | 306.03 | OK | |
r-devel-linux-x86_64-fedora-clang | 2.0.0 | 811.03 | OK | |||
r-devel-linux-x86_64-fedora-gcc | 2.0.0 | 809.30 | OK | |||
r-devel-macos-arm64 | 2.0.0 | 258.00 | OK | |||
r-devel-macos-x86_64 | 2.0.0 | 463.00 | OK | |||
r-devel-windows-x86_64 | 2.0.0 | 12.00 | 457.00 | 469.00 | OK | |
r-patched-linux-x86_64 | 2.0.0 | 10.03 | 492.45 | 502.48 | OK | |
r-release-linux-x86_64 | 2.0.0 | 9.31 | 1750.17 | 1759.48 | OK | |
r-release-macos-arm64 | 2.0.0 | 267.00 | NOTE | |||
r-release-macos-x86_64 | 2.0.0 | 329.00 | NOTE | |||
r-release-windows-x86_64 | 2.0.0 | 13.00 | 465.00 | 478.00 | NOTE | |
r-oldrel-macos-arm64 | 2.0.0 | 300.00 | NOTE | |||
r-oldrel-macos-x86_64 | 2.0.0 | 600.00 | NOTE | |||
r-oldrel-windows-x86_64 | 2.0.0 | 15.00 | 551.00 | 566.00 | NOTE |
Version: 2.0.0
Check: installed package size
Result: NOTE
installed size is 5.2Mb
sub-directories of 1Mb or more:
doc 4.7Mb
Flavors: r-release-macos-arm64, r-release-macos-x86_64, r-release-windows-x86_64, r-oldrel-macos-arm64, r-oldrel-macos-x86_64, r-oldrel-windows-x86_64