CRAN Package Check Results for Package vinereg

Last updated on 2025-04-30 04:50:23 CEST.

Flavor Version Tinstall Tcheck Ttotal Status Flags
r-devel-linux-x86_64-debian-clang 0.11.0 119.59 171.50 291.09 OK
r-devel-linux-x86_64-debian-gcc 0.11.0 103.25 129.28 232.53 OK
r-devel-linux-x86_64-fedora-clang 0.11.0 500.05 OK
r-devel-linux-x86_64-fedora-gcc 0.11.0 597.46 OK
r-devel-windows-x86_64 0.11.0 129.00 400.00 529.00 OK
r-patched-linux-x86_64 0.11.0 144.65 181.55 326.20 OK
r-release-linux-x86_64 0.11.0 145.77 180.36 326.13 OK
r-release-macos-arm64 0.11.0 172.00 OK
r-release-macos-x86_64 0.11.0 379.00 OK
r-release-windows-x86_64 0.11.0 127.00 404.00 531.00 OK
r-oldrel-macos-arm64 0.11.0 150.00 NOTE
r-oldrel-macos-x86_64 0.11.0 383.00 NOTE
r-oldrel-windows-x86_64 0.11.0 141.00 433.00 574.00 NOTE

Check Details

Version: 0.11.0
Check: installed package size
Result: NOTE installed size is 54.3Mb sub-directories of 1Mb or more: doc 1.4Mb libs 52.7Mb Flavors: r-oldrel-macos-arm64, r-oldrel-macos-x86_64, r-oldrel-windows-x86_64