CRAN Package Check Results for Package viralx

Last updated on 2025-04-30 04:50:23 CEST.

Flavor Version Tinstall Tcheck Ttotal Status Flags
r-devel-linux-x86_64-debian-clang 1.3.0 14.68 155.35 170.03 NOTE
r-devel-linux-x86_64-debian-gcc 1.3.0 8.93 111.36 120.29 NOTE
r-devel-linux-x86_64-fedora-clang 1.3.0 279.16 NOTE
r-devel-linux-x86_64-fedora-gcc 1.3.0 240.08 NOTE
r-devel-windows-x86_64 1.3.0 14.00 147.00 161.00 NOTE
r-patched-linux-x86_64 1.3.0 12.70 146.77 159.47 NOTE
r-release-linux-x86_64 1.3.0 13.79 146.27 160.06 NOTE
r-release-macos-arm64 1.3.0 64.00 NOTE
r-release-macos-x86_64 1.3.0 145.00 NOTE
r-release-windows-x86_64 1.3.0 14.00 149.00 163.00 NOTE
r-oldrel-macos-arm64 1.3.0 65.00 OK
r-oldrel-macos-x86_64 1.3.0 104.00 OK
r-oldrel-windows-x86_64 1.3.0 20.00 196.00 216.00 OK

Check Details

Version: 1.3.0
Check: CRAN incoming feasibility
Result: NOTE Maintainer: ‘Juan Pablo Acuña González <22253567@uagro.mx>’ The Description field contains <arXiv:2009.13248>. It aims to facilitate interpretable and Please refer to arXiv e-prints via their arXiv DOI <doi:10.48550/arXiv.YYMM.NNNNN>. Flavors: r-devel-linux-x86_64-debian-clang, r-devel-linux-x86_64-debian-gcc

Version: 1.3.0
Check: DESCRIPTION meta-information
Result: NOTE Missing dependency on R >= 4.1.0 because package code uses the pipe |> or function shorthand \(...) syntax added in R 4.1.0. File(s) using such syntax: ‘glob_cr_vis.Rd’ ‘glob_cub_vis.R’ ‘glob_knn_vis.R’ ‘glob_knn_vis.Rd’ ‘glob_nn_vis.R’ ‘glob_nn_vis.Rd’ ‘viralx_knn.R’ ‘viralx_knn_glob.R’ ‘viralx_knn_glob.Rd’ ‘viralx_knn_shap.R’ ‘viralx_knn_vis.R’ ‘viralx_mars.R’ ‘viralx_mars.Rd’ ‘viralx_mars_shap.R’ ‘viralx_mars_shap.Rd’ ‘viralx_mars_vis.R’ ‘viralx_mars_vis.Rd’ ‘viralx_nn.R’ ‘viralx_nn.Rd’ ‘viralx_nn_glob.R’ ‘viralx_nn_glob.Rd’ ‘viralx_nn_shap.R’ ‘viralx_nn_shap.Rd’ ‘viralx_nn_vis.R’ ‘viralx_nn_vis.Rd’ Flavors: r-devel-linux-x86_64-debian-clang, r-devel-linux-x86_64-debian-gcc, r-devel-linux-x86_64-fedora-clang, r-devel-linux-x86_64-fedora-gcc, r-devel-windows-x86_64, r-patched-linux-x86_64, r-release-linux-x86_64, r-release-macos-arm64, r-release-windows-x86_64

Version: 1.3.0
Check: DESCRIPTION meta-information
Result: NOTE Missing dependency on R >= 4.1.0 because package code uses the pipe |> or function shorthand \(...) syntax added in R 4.1.0. File(s) using such syntax: ‘glob_cub_vis.R’ ‘glob_knn_vis.R’ ‘glob_nn_vis.R’ ‘viralx_knn.R’ ‘viralx_knn_glob.R’ ‘viralx_knn_shap.R’ ‘viralx_knn_vis.R’ ‘viralx_mars.R’ ‘viralx_mars_shap.R’ ‘viralx_mars_vis.R’ ‘viralx_nn.R’ ‘viralx_nn_glob.R’ ‘viralx_nn_shap.R’ ‘viralx_nn_vis.R’ Flavor: r-release-macos-x86_64