Last updated on 2025-04-30 04:50:23 CEST.
Flavor | Version | Tinstall | Tcheck | Ttotal | Status | Flags |
---|---|---|---|---|---|---|
r-devel-linux-x86_64-debian-clang | 0.6.5 | 4.74 | 74.93 | 79.67 | NOTE | |
r-devel-linux-x86_64-debian-gcc | 0.6.5 | 3.31 | 53.99 | 57.30 | OK | |
r-devel-linux-x86_64-fedora-clang | 0.6.5 | 109.81 | OK | |||
r-devel-linux-x86_64-fedora-gcc | 0.6.5 | 120.56 | OK | |||
r-devel-windows-x86_64 | 0.6.5 | 7.00 | 66.00 | 73.00 | OK | --no-vignettes |
r-patched-linux-x86_64 | 0.6.5 | 4.81 | 71.51 | 76.32 | OK | |
r-release-linux-x86_64 | 0.6.5 | 4.23 | 71.80 | 76.03 | OK | |
r-release-macos-arm64 | 0.6.5 | 54.00 | OK | |||
r-release-macos-x86_64 | 0.6.5 | 108.00 | OK | |||
r-release-windows-x86_64 | 0.6.5 | 8.00 | 66.00 | 74.00 | OK | --no-vignettes |
r-oldrel-macos-arm64 | 0.6.5 | 42.00 | OK | |||
r-oldrel-macos-x86_64 | 0.6.5 | 99.00 | OK | |||
r-oldrel-windows-x86_64 | 0.6.5 | 9.00 | 78.00 | 87.00 | OK | --no-vignettes |
Version: 0.6.5
Check: examples
Result: NOTE
Examples with CPU (user + system) or elapsed time > 5s
user system elapsed
scale_viridis 4.401 0.196 5.069
Flavor: r-devel-linux-x86_64-debian-clang