Last updated on 2025-04-30 04:50:23 CEST.
Flavor | Version | Tinstall | Tcheck | Ttotal | Status | Flags |
---|---|---|---|---|---|---|
r-devel-linux-x86_64-debian-clang | 0.2.2 | 2.71 | 32.51 | 35.22 | NOTE | |
r-devel-linux-x86_64-debian-gcc | 0.2.2 | 1.94 | 25.33 | 27.27 | NOTE | |
r-devel-linux-x86_64-fedora-clang | 0.2.2 | 54.81 | OK | |||
r-devel-linux-x86_64-fedora-gcc | 0.2.2 | 66.20 | OK | |||
r-devel-windows-x86_64 | 0.2.2 | 4.00 | 59.00 | 63.00 | OK | |
r-patched-linux-x86_64 | 0.2.2 | 2.85 | 30.23 | 33.08 | OK | |
r-release-linux-x86_64 | 0.2.2 | 2.50 | 29.97 | 32.47 | OK | |
r-release-macos-arm64 | 0.2.2 | 26.00 | OK | |||
r-release-macos-x86_64 | 0.2.2 | 42.00 | OK | |||
r-release-windows-x86_64 | 0.2.2 | 5.00 | 60.00 | 65.00 | OK | |
r-oldrel-macos-arm64 | 0.2.2 | 26.00 | OK | |||
r-oldrel-macos-x86_64 | 0.2.2 | 36.00 | OK | |||
r-oldrel-windows-x86_64 | 0.2.2 | 5.00 | 62.00 | 67.00 | OK |
Version: 0.2.2
Check: CRAN incoming feasibility
Result: NOTE
Maintainer: ‘Gaurav Sood <gsood07@gmail.com>’
Package CITATION file contains call(s) to old-style personList() or
as.personList(). Please use c() on person objects instead.
Package CITATION file contains call(s) to old-style citEntry(). Please
use bibentry() instead.
Flavors: r-devel-linux-x86_64-debian-clang, r-devel-linux-x86_64-debian-gcc