Last updated on 2025-07-05 04:50:30 CEST.
Flavor | Version | Tinstall | Tcheck | Ttotal | Status | Flags |
---|---|---|---|---|---|---|
r-devel-linux-x86_64-debian-clang | 0.1.7 | 4.13 | 50.90 | 55.03 | OK | |
r-devel-linux-x86_64-debian-gcc | 0.1.7 | 2.46 | 40.31 | 42.77 | OK | |
r-devel-linux-x86_64-fedora-clang | 0.1.7 | 82.85 | OK | |||
r-devel-linux-x86_64-fedora-gcc | 0.1.7 | 95.78 | OK | |||
r-devel-windows-x86_64 | 0.1.7 | 6.00 | 60.00 | 66.00 | OK | |
r-patched-linux-x86_64 | 0.1.7 | 4.12 | 49.21 | 53.33 | OK | |
r-release-linux-x86_64 | 0.1.7 | 4.02 | 48.85 | 52.87 | OK | |
r-release-macos-arm64 | 0.1.7 | 58.00 | OK | |||
r-release-macos-x86_64 | 0.1.7 | 99.00 | OK | |||
r-release-windows-x86_64 | 0.1.7 | 8.00 | 63.00 | 71.00 | OK | |
r-oldrel-macos-arm64 | 0.1.7 | 37.00 | NOTE | |||
r-oldrel-macos-x86_64 | 0.1.7 | 109.00 | NOTE | |||
r-oldrel-windows-x86_64 | 0.1.7 | 8.00 | 70.00 | 78.00 | NOTE |
Version: 0.1.7
Check: installed package size
Result: NOTE
installed size is 5.1Mb
sub-directories of 1Mb or more:
doc 1.7Mb
help 3.0Mb
Flavors: r-oldrel-macos-arm64, r-oldrel-macos-x86_64, r-oldrel-windows-x86_64