CRAN Package Check Results for Package visStatistics

Last updated on 2025-04-30 04:50:23 CEST.

Flavor Version Tinstall Tcheck Ttotal Status Flags
r-devel-linux-x86_64-debian-clang 0.1.1 3.92 31.07 34.99 OK
r-devel-linux-x86_64-debian-gcc 0.1.1 2.57 23.94 26.51 OK
r-devel-linux-x86_64-fedora-clang 0.1.1 55.02 OK
r-devel-linux-x86_64-fedora-gcc 0.1.1 52.05 OK
r-devel-windows-x86_64 0.1.1 5.00 55.00 60.00 OK
r-patched-linux-x86_64 0.1.1 4.18 29.75 33.93 OK
r-release-linux-x86_64 0.1.1 3.90 29.66 33.56 OK
r-release-macos-arm64 0.1.1 22.00 OK
r-release-macos-x86_64 0.1.1 37.00 OK
r-release-windows-x86_64 0.1.1 5.00 52.00 57.00 OK
r-oldrel-macos-arm64 0.1.1 21.00 NOTE
r-oldrel-macos-x86_64 0.1.1 29.00 NOTE
r-oldrel-windows-x86_64 0.1.1 6.00 57.00 63.00 NOTE

Check Details

Version: 0.1.1
Check: LazyData
Result: NOTE 'LazyData' is specified without a 'data' directory Flavors: r-oldrel-macos-arm64, r-oldrel-macos-x86_64, r-oldrel-windows-x86_64