Last updated on 2025-04-30 04:50:23 CEST.
Flavor | Version | Tinstall | Tcheck | Ttotal | Status | Flags |
---|---|---|---|---|---|---|
r-devel-linux-x86_64-debian-clang | 1.0.0 | 19.66 | 36.84 | 56.50 | NOTE | |
r-devel-linux-x86_64-debian-gcc | 1.0.0 | 14.91 | 29.50 | 44.41 | OK | |
r-devel-linux-x86_64-fedora-clang | 1.0.0 | 96.77 | NOTE | |||
r-devel-linux-x86_64-fedora-gcc | 1.0.0 | 94.96 | NOTE | |||
r-devel-windows-x86_64 | 1.0.0 | 21.00 | 82.00 | 103.00 | OK | |
r-patched-linux-x86_64 | 1.0.0 | 18.85 | 35.33 | 54.18 | OK | |
r-release-linux-x86_64 | 1.0.0 | 20.97 | 35.59 | 56.56 | OK | |
r-release-macos-arm64 | 1.0.0 | 39.00 | OK | |||
r-release-macos-x86_64 | 1.0.0 | 62.00 | OK | |||
r-release-windows-x86_64 | 1.0.0 | 23.00 | 80.00 | 103.00 | OK | |
r-oldrel-macos-arm64 | 1.0.0 | 30.00 | NOTE | |||
r-oldrel-macos-x86_64 | 1.0.0 | 50.00 | NOTE | |||
r-oldrel-windows-x86_64 | 1.0.0 | 21.00 | 83.00 | 104.00 | NOTE |
Version: 1.0.0
Check: examples
Result: NOTE
Examples with CPU (user + system) or elapsed time > 5s
user system elapsed
NTA 5.616 0.003 7.497
Flavor: r-devel-linux-x86_64-debian-clang
Version: 1.0.0
Check: compiled code
Result: NOTE
File ‘vita/libs/vita.so’:
Found no calls to: ‘R_registerRoutines’, ‘R_useDynamicSymbols’
It is good practice to register native routines and to disable symbol
search.
See ‘Writing portable packages’ in the ‘Writing R Extensions’ manual.
Flavors: r-devel-linux-x86_64-fedora-clang, r-devel-linux-x86_64-fedora-gcc
Version: 1.0.0
Check: LazyData
Result: NOTE
'LazyData' is specified without a 'data' directory
Flavors: r-oldrel-macos-arm64, r-oldrel-macos-x86_64, r-oldrel-windows-x86_64